CRAN Package Check Results for Package netassoc

Last updated on 2021-09-19 13:49:22 CEST.

Flavor Version Tinstall Tcheck Ttotal Status Flags
r-devel-linux-x86_64-debian-clang 0.6.3 7.19 71.19 78.38 OK
r-devel-linux-x86_64-debian-gcc 0.6.3 6.61 55.62 62.23 OK
r-devel-linux-x86_64-fedora-clang 0.6.3 103.39 OK
r-devel-linux-x86_64-fedora-gcc 0.6.3 94.66 OK
r-devel-windows-x86_64 0.6.3 10.00 101.00 111.00 OK
r-devel-windows-x86_64-gcc10-UCRT 0.6.3 ERROR
r-patched-linux-x86_64 0.6.3 11.09 69.70 80.79 OK
r-patched-solaris-x86 0.6.3 154.30 OK
r-release-linux-x86_64 0.6.3 8.04 69.19 77.23 OK
r-release-macos-arm64 0.6.3 OK
r-release-macos-x86_64 0.6.3 OK
r-release-windows-ix86+x86_64 0.6.3 20.00 69.00 89.00 OK
r-oldrel-macos-x86_64 0.6.3 OK
r-oldrel-windows-ix86+x86_64 0.6.3 19.00 68.00 87.00 OK

Check Details

Version: 0.6.3
Check: whether package can be installed
Result: WARN
    Found the following significant warnings:
     WARNING: installation-time patches will not be applied, could not get the patches index
Flavor: r-devel-windows-x86_64-gcc10-UCRT

Version: 0.6.3
Check: PDF version of manual
Result: WARN
    LaTeX errors when creating PDF version.
    This typically indicates Rd problems.
Flavor: r-devel-windows-x86_64-gcc10-UCRT

Version: 0.6.3
Check: PDF version of manual without hyperrefs or index
Result: ERROR
    Re-running with no redirection of stdout/stderr.
Flavor: r-devel-windows-x86_64-gcc10-UCRT