CRAN Package Check Results for Package netClust

Last updated on 2022-09-30 12:55:14 CEST.

Flavor Version Tinstall Tcheck Ttotal Status Flags
r-devel-linux-x86_64-debian-clang 1.0.1 57.27 35.16 92.43 OK
r-devel-linux-x86_64-debian-gcc 1.0.1 47.95 26.44 74.39 OK
r-devel-linux-x86_64-fedora-clang 1.0.1 139.81 OK
r-devel-linux-x86_64-fedora-gcc 1.0.1 137.69 OK
r-devel-windows-x86_64 1.0.1 44.00 81.00 125.00 OK
r-patched-linux-x86_64 1.0.1 52.24 33.66 85.90 OK
r-release-linux-x86_64 1.0.1 48.95 34.02 82.97 OK
r-release-macos-arm64 1.0.1 36.00 NOTE
r-release-macos-x86_64 1.0.1 47.00 NOTE
r-release-windows-x86_64 1.0.1 52.00 82.00 134.00 OK
r-oldrel-macos-arm64 1.0.1 44.00 NOTE
r-oldrel-macos-x86_64 1.0.1 81.00 NOTE
r-oldrel-windows-ix86+x86_64 1.0.1 125.00 90.00 215.00 OK

Check Details

Version: 1.0.1
Check: installed package size
Result: NOTE
     installed size is 5.7Mb
     sub-directories of 1Mb or more:
     libs 5.6Mb
Flavors: r-release-macos-arm64, r-release-macos-x86_64, r-oldrel-macos-arm64, r-oldrel-macos-x86_64