Last updated on 2025-01-17 00:49:12 CET.
Flavor | Version | Tinstall | Tcheck | Ttotal | Status | Flags |
---|---|---|---|---|---|---|
r-devel-linux-x86_64-debian-clang | 0.5.1 | 7.11 | 58.28 | 65.39 | OK | |
r-devel-linux-x86_64-debian-gcc | 0.5.1 | 4.87 | 41.70 | 46.57 | OK | |
r-devel-linux-x86_64-fedora-clang | 0.5.1 | 113.37 | OK | |||
r-devel-linux-x86_64-fedora-gcc | 0.5.1 | 102.05 | OK | |||
r-devel-windows-x86_64 | 0.5.1 | 8.00 | 74.00 | 82.00 | OK | |
r-patched-linux-x86_64 | 0.5.1 | 6.97 | 53.53 | 60.50 | OK | |
r-release-linux-x86_64 | 0.5.1 | 6.89 | 53.19 | 60.08 | OK | |
r-release-macos-arm64 | 0.5.1 | 34.00 | OK | |||
r-release-macos-x86_64 | 0.5.1 | 47.00 | OK | |||
r-release-windows-x86_64 | 0.5.1 | 7.00 | 73.00 | 80.00 | OK | |
r-oldrel-macos-arm64 | 0.5.1 | 41.00 | NOTE | |||
r-oldrel-macos-x86_64 | 0.5.1 | 87.00 | NOTE | |||
r-oldrel-windows-x86_64 | 0.5.1 | 11.00 | 86.00 | 97.00 | OK |
Version: 0.5.1
Check: package dependencies
Result: NOTE
Package suggested but not available for checking: ‘rhdf5’
Flavors: r-oldrel-macos-arm64, r-oldrel-macos-x86_64