Last updated on 2023-09-29 00:56:54 CEST.
Flavor | Version | Tinstall | Tcheck | Ttotal | Status | Flags |
---|---|---|---|---|---|---|
r-devel-linux-x86_64-debian-clang | 1.0.0 | 67.17 | 49.87 | 117.04 | NOTE | |
r-devel-linux-x86_64-debian-gcc | 1.0.0 | 55.85 | 38.56 | 94.41 | NOTE | |
r-devel-linux-x86_64-fedora-clang | 1.0.0 | 170.47 | NOTE | |||
r-devel-linux-x86_64-fedora-gcc | 1.0.0 | 177.76 | NOTE | |||
r-devel-windows-x86_64 | 1.0.0 | 52.00 | 88.00 | 140.00 | NOTE | |
r-patched-linux-x86_64 | 1.0.0 | 77.85 | 48.64 | 126.49 | NOTE | |
r-release-linux-x86_64 | 1.0.0 | 71.14 | 49.23 | 120.37 | NOTE | |
r-release-macos-arm64 | 1.0.0 | 49.00 | NOTE | |||
r-release-macos-x86_64 | 1.0.0 | 78.00 | NOTE | |||
r-release-windows-x86_64 | 1.0.0 | 69.00 | 92.00 | 161.00 | NOTE | |
r-oldrel-macos-arm64 | 1.0.0 | 57.00 | NOTE | |||
r-oldrel-macos-x86_64 | 1.0.0 | 54.00 | NOTE | |||
r-oldrel-windows-x86_64 | 1.0.0 | 64.00 | 85.00 | 149.00 | NOTE |
Version: 1.0.0
Check: package subdirectories
Result: NOTE
Problems with news in ‘NEWS.md’:
No news entries found.
Flavors: r-devel-linux-x86_64-debian-clang, r-devel-linux-x86_64-debian-gcc, r-devel-linux-x86_64-fedora-clang, r-devel-linux-x86_64-fedora-gcc, r-devel-windows-x86_64, r-patched-linux-x86_64, r-release-linux-x86_64, r-release-macos-arm64, r-release-macos-x86_64, r-release-windows-x86_64
Version: 1.0.0
Check: LazyData
Result: NOTE
'LazyData' is specified without a 'data' directory
Flavors: r-devel-linux-x86_64-debian-clang, r-devel-linux-x86_64-debian-gcc, r-devel-linux-x86_64-fedora-clang, r-devel-linux-x86_64-fedora-gcc, r-devel-windows-x86_64, r-patched-linux-x86_64, r-release-linux-x86_64, r-release-macos-arm64, r-release-macos-x86_64, r-release-windows-x86_64, r-oldrel-macos-arm64, r-oldrel-macos-x86_64, r-oldrel-windows-x86_64
Version: 1.0.0
Check: installed package size
Result: NOTE
installed size is 7.6Mb
sub-directories of 1Mb or more:
libs 7.4Mb
Flavors: r-release-macos-arm64, r-release-macos-x86_64, r-oldrel-macos-arm64, r-oldrel-macos-x86_64