CRAN Package Check Results for Package natstrat

Last updated on 2022-10-02 12:55:59 CEST.

Flavor Version Tinstall Tcheck Ttotal Status Flags
r-devel-linux-x86_64-debian-clang 2.0.0 18.41 265.17 283.58 NOTE
r-devel-linux-x86_64-debian-gcc 2.0.0 16.61 188.66 205.27 NOTE
r-devel-linux-x86_64-fedora-clang 2.0.0 354.85 NOTE
r-devel-linux-x86_64-fedora-gcc 2.0.0 354.01 NOTE
r-devel-windows-x86_64 2.0.0 39.00 271.00 310.00 NOTE
r-patched-linux-x86_64 2.0.0 18.30 233.76 252.06 NOTE
r-release-linux-x86_64 2.0.0 14.96 232.53 247.49 NOTE
r-release-macos-arm64 2.0.0 69.00 NOTE
r-release-macos-x86_64 2.0.0 145.00 NOTE
r-release-windows-x86_64 2.0.0 29.00 262.00 291.00 NOTE
r-oldrel-macos-arm64 2.0.0 79.00 NOTE
r-oldrel-macos-x86_64 2.0.0 101.00 NOTE
r-oldrel-windows-ix86+x86_64 2.0.0 41.00 260.00 301.00 NOTE

Check Details

Version: 2.0.0
Check: package dependencies
Result: NOTE
    Package suggested but not available for checking: 'gurobi'
Flavors: r-devel-linux-x86_64-debian-clang, r-devel-linux-x86_64-debian-gcc, r-devel-linux-x86_64-fedora-clang, r-devel-linux-x86_64-fedora-gcc, r-devel-windows-x86_64, r-patched-linux-x86_64, r-release-linux-x86_64, r-release-macos-arm64, r-release-macos-x86_64, r-release-windows-x86_64, r-oldrel-macos-arm64, r-oldrel-macos-x86_64, r-oldrel-windows-ix86+x86_64