CRAN Package Check Results for Package naspaclust

Last updated on 2022-11-27 06:53:02 CET.

Flavor Version Tinstall Tcheck Ttotal Status Flags
r-devel-linux-x86_64-debian-clang 0.2.1 6.78 63.75 70.53 NOTE
r-devel-linux-x86_64-debian-gcc 0.2.1 4.81 46.15 50.96 NOTE
r-devel-linux-x86_64-fedora-clang 0.2.1 97.70 NOTE
r-devel-linux-x86_64-fedora-gcc 0.2.1 94.27 NOTE
r-devel-windows-x86_64 0.2.1 25.00 88.00 113.00 NOTE
r-patched-linux-x86_64 0.2.1 8.98 59.37 68.35 NOTE
r-release-linux-x86_64 0.2.1 6.22 58.30 64.52 NOTE
r-release-macos-arm64 0.2.1 26.00 NOTE
r-release-macos-x86_64 0.2.1 37.00 NOTE
r-release-windows-x86_64 0.2.1 34.00 89.00 123.00 NOTE
r-oldrel-macos-arm64 0.2.1 34.00 NOTE
r-oldrel-macos-x86_64 0.2.1 39.00 NOTE
r-oldrel-windows-ix86+x86_64 0.2.1 14.00 89.00 103.00 OK

Check Details

Version: 0.2.1
Check: package dependencies
Result: NOTE
    Package suggested but not available for checking: 'spatialClust'
Flavors: r-devel-linux-x86_64-debian-clang, r-devel-linux-x86_64-debian-gcc, r-devel-linux-x86_64-fedora-clang, r-devel-linux-x86_64-fedora-gcc, r-devel-windows-x86_64, r-patched-linux-x86_64, r-release-linux-x86_64, r-release-macos-arm64, r-release-macos-x86_64, r-release-windows-x86_64

Version: 0.2.1
Check: dependencies in R code
Result: NOTE
    Namespace in Imports field not imported from: ‘Rdpack’
     All declared Imports should be used.
Flavors: r-devel-linux-x86_64-fedora-clang, r-devel-linux-x86_64-fedora-gcc, r-release-macos-arm64, r-release-macos-x86_64, r-oldrel-macos-arm64, r-oldrel-macos-x86_64