CRAN Package Check Results for Package nanotime

Last updated on 2021-11-26 19:52:57 CET.

Flavor Version Tinstall Tcheck Ttotal Status Flags
r-devel-linux-x86_64-debian-clang 0.3.3 72.05 68.79 140.84 OK
r-devel-linux-x86_64-debian-gcc 0.3.4 58.21 52.61 110.82 OK
r-devel-linux-x86_64-fedora-clang 0.3.4 223.90 NOTE
r-devel-linux-x86_64-fedora-gcc 0.3.4 201.16 OK
r-devel-windows-x86_64-new-UL 0.3.4 81.00 130.00 211.00 OK
r-devel-windows-x86_64-new-TK 0.3.3 OK
r-devel-windows-x86_64-old 0.3.3 68.00 119.00 187.00 OK
r-patched-linux-x86_64 0.3.4 67.77 66.54 134.31 OK
r-patched-solaris-x86 0.3.4 184.70 OK
r-release-linux-x86_64 0.3.4 OK
r-release-macos-arm64 0.3.4 NOTE
r-release-macos-x86_64 0.3.4 OK
r-release-windows-ix86+x86_64 0.3.3 172.00 105.00 277.00 OK
r-oldrel-macos-x86_64 0.3.4 OK
r-oldrel-windows-ix86+x86_64 0.3.4 128.00 102.00 230.00 OK

Check Details

Version: 0.3.4
Check: installed package size
Result: NOTE
     installed size is 5.2Mb
     sub-directories of 1Mb or more:
     libs 4.2Mb
Flavors: r-devel-linux-x86_64-fedora-clang, r-release-macos-arm64