CRAN Package Check Results for Package nLTT

Last updated on 2021-09-24 07:49:24 CEST.

Flavor Version Tinstall Tcheck Ttotal Status Flags
r-devel-linux-x86_64-debian-clang 1.4.3 3.53 80.59 84.12 OK
r-devel-linux-x86_64-debian-gcc 1.4.3 2.50 56.71 59.21 OK
r-devel-linux-x86_64-fedora-clang 1.4.3 108.46 NOTE
r-devel-linux-x86_64-fedora-gcc 1.4.3 100.24 NOTE
r-devel-windows-x86_64 1.4.3 5.00 87.00 92.00 OK
r-devel-windows-x86_64-gcc10-UCRT 1.4.3 NOTE
r-patched-linux-x86_64 1.4.3 3.13 83.29 86.42 OK
r-patched-solaris-x86 1.4.3 82.60 NOTE
r-release-linux-x86_64 1.4.3 3.21 81.47 84.68 OK
r-release-macos-arm64 1.4.3 NOTE
r-release-macos-x86_64 1.4.3 NOTE
r-release-windows-ix86+x86_64 1.4.3 6.00 86.00 92.00 OK
r-oldrel-macos-x86_64 1.4.3 NOTE
r-oldrel-windows-ix86+x86_64 1.4.3 4.00 81.00 85.00 OK

Check Details

Version: 1.4.3
Check: dependencies in R code
Result: NOTE
    Namespace in Imports field not imported from: ‘deSolve’
     All declared Imports should be used.
Flavors: r-devel-linux-x86_64-fedora-clang, r-devel-linux-x86_64-fedora-gcc, r-devel-windows-x86_64-gcc10-UCRT, r-patched-solaris-x86, r-release-macos-arm64, r-release-macos-x86_64, r-oldrel-macos-x86_64