CRAN Package Check Results for Package mwshiny

Last updated on 2023-09-26 13:08:37 CEST.

Flavor Version Tinstall Tcheck Ttotal Status Flags
r-devel-linux-x86_64-debian-clang 2.1.0 3.25 44.74 47.99 NOTE
r-devel-linux-x86_64-debian-gcc 2.1.0 3.14 34.49 37.63 NOTE
r-devel-linux-x86_64-fedora-clang 2.1.0 60.13 NOTE
r-devel-linux-x86_64-fedora-gcc 2.1.0 70.35 NOTE
r-devel-windows-x86_64 2.1.0 6.00 57.00 63.00 NOTE
r-patched-linux-x86_64 2.1.0 3.83 42.57 46.40 NOTE
r-release-linux-x86_64 2.1.0 4.58 42.82 47.40 NOTE
r-release-macos-arm64 2.1.0 33.00 NOTE
r-release-macos-x86_64 2.1.0 47.00 NOTE
r-release-windows-x86_64 2.1.0 7.00 60.00 67.00 NOTE
r-oldrel-macos-arm64 2.1.0 22.00 NOTE
r-oldrel-macos-x86_64 2.1.0 46.00 NOTE
r-oldrel-windows-x86_64 2.1.0 7.00 93.00 100.00 NOTE

Check Details

Version: 2.1.0
Check: LazyData
Result: NOTE
     'LazyData' is specified without a 'data' directory
Flavors: r-devel-linux-x86_64-debian-clang, r-devel-linux-x86_64-debian-gcc, r-devel-linux-x86_64-fedora-clang, r-devel-linux-x86_64-fedora-gcc, r-devel-windows-x86_64, r-patched-linux-x86_64, r-release-linux-x86_64, r-release-macos-arm64, r-release-macos-x86_64, r-release-windows-x86_64, r-oldrel-macos-arm64, r-oldrel-macos-x86_64, r-oldrel-windows-x86_64