CRAN Package Check Results for Package mwshiny

Last updated on 2022-09-28 18:49:01 CEST.

Flavor Version Tinstall Tcheck Ttotal Status Flags
r-devel-linux-x86_64-debian-clang 2.1.0 3.43 44.92 48.35 NOTE
r-devel-linux-x86_64-debian-gcc 2.1.0 3.22 34.75 37.97 NOTE
r-devel-linux-x86_64-fedora-clang 2.1.0 72.21 NOTE
r-devel-linux-x86_64-fedora-gcc 2.1.0 73.27 NOTE
r-devel-windows-x86_64 2.1.0 13.00 82.00 95.00 NOTE
r-patched-linux-x86_64 2.1.0 3.53 43.74 47.27 NOTE
r-release-linux-x86_64 2.1.0 4.13 43.19 47.32 NOTE
r-release-macos-arm64 2.1.0 22.00 NOTE
r-release-macos-x86_64 2.1.0 46.00 NOTE
r-release-windows-x86_64 2.1.0 14.00 76.00 90.00 NOTE
r-oldrel-macos-arm64 2.1.0 31.00 NOTE
r-oldrel-macos-x86_64 2.1.0 44.00 NOTE
r-oldrel-windows-ix86+x86_64 2.1.0 12.00 75.00 87.00 NOTE

Check Details

Version: 2.1.0
Check: LazyData
Result: NOTE
     'LazyData' is specified without a 'data' directory
Flavors: r-devel-linux-x86_64-debian-clang, r-devel-linux-x86_64-debian-gcc, r-devel-linux-x86_64-fedora-clang, r-devel-linux-x86_64-fedora-gcc, r-devel-windows-x86_64, r-patched-linux-x86_64, r-release-linux-x86_64, r-release-macos-arm64, r-release-macos-x86_64, r-release-windows-x86_64, r-oldrel-macos-arm64, r-oldrel-macos-x86_64, r-oldrel-windows-ix86+x86_64