CRAN Package Check Results for Package mvord

Last updated on 2021-09-25 01:50:25 CEST.

Flavor Version Tinstall Tcheck Ttotal Status Flags
r-devel-linux-x86_64-debian-clang 1.1.1 13.34 201.18 214.52 OK
r-devel-linux-x86_64-debian-gcc 1.1.1 11.14 151.14 162.28 OK
r-devel-linux-x86_64-fedora-clang 1.1.1 263.96 NOTE
r-devel-linux-x86_64-fedora-gcc 1.1.1 253.02 OK
r-devel-windows-x86_64 1.1.1 16.00 178.00 194.00 OK
r-devel-windows-x86_64-gcc10-UCRT 1.1.1 OK
r-patched-linux-x86_64 1.1.1 15.50 194.78 210.28 OK
r-patched-solaris-x86 1.1.1 346.10 OK
r-release-linux-x86_64 1.1.1 14.44 197.32 211.76 OK
r-release-macos-arm64 1.1.1 OK
r-release-macos-x86_64 1.1.1 OK
r-release-windows-ix86+x86_64 1.1.1 29.00 263.00 292.00 OK
r-oldrel-macos-x86_64 1.1.1 OK
r-oldrel-windows-ix86+x86_64 1.1.1 19.00 261.00 280.00 OK

Check Details

Version: 1.1.1
Check: Rd cross-references
Result: NOTE
    Undeclared package ‘VGAM’ in Rd xrefs
Flavor: r-devel-linux-x86_64-fedora-clang