CRAN Package Check Results for Package mumm

Last updated on 2022-10-01 13:51:37 CEST.

Flavor Version Tinstall Tcheck Ttotal Status Flags
r-devel-linux-x86_64-debian-clang 0.2.1 110.79 85.09 195.88 NOTE
r-devel-linux-x86_64-debian-gcc 0.2.1 94.56 65.58 160.14 NOTE
r-devel-linux-x86_64-fedora-clang 0.2.1 242.68 NOTE
r-devel-linux-x86_64-fedora-gcc 0.2.1 281.46 NOTE
r-devel-windows-x86_64 0.2.1 67.00 126.00 193.00 NOTE
r-patched-linux-x86_64 0.2.1 91.86 81.07 172.93 NOTE
r-release-linux-x86_64 0.2.1 88.14 81.87 170.01 NOTE
r-release-macos-arm64 0.2.1 70.00 NOTE
r-release-macos-x86_64 0.2.1 111.00 NOTE
r-release-windows-x86_64 0.2.1 68.00 130.00 198.00 NOTE
r-oldrel-macos-arm64 0.2.1 75.00 NOTE
r-oldrel-macos-x86_64 0.2.1 110.00 NOTE
r-oldrel-windows-ix86+x86_64 0.2.1 203.00 145.00 348.00 NOTE

Check Details

Version: 0.2.1
Check: LazyData
Result: NOTE
     'LazyData' is specified without a 'data' directory
Flavors: r-devel-linux-x86_64-debian-clang, r-devel-linux-x86_64-debian-gcc, r-devel-linux-x86_64-fedora-clang, r-devel-linux-x86_64-fedora-gcc, r-devel-windows-x86_64, r-patched-linux-x86_64, r-release-linux-x86_64, r-release-macos-arm64, r-release-macos-x86_64, r-release-windows-x86_64, r-oldrel-macos-arm64, r-oldrel-macos-x86_64, r-oldrel-windows-ix86+x86_64

Version: 0.2.1
Check: installed package size
Result: NOTE
     installed size is 12.9Mb
     sub-directories of 1Mb or more:
     libs 12.8Mb
Flavors: r-devel-windows-x86_64, r-release-macos-arm64, r-release-macos-x86_64, r-release-windows-x86_64, r-oldrel-macos-arm64, r-oldrel-macos-x86_64, r-oldrel-windows-ix86+x86_64