CRAN Package Check Results for Package multipleDL

Last updated on 2024-06-13 06:58:09 CEST.

Flavor Version Tinstall Tcheck Ttotal Status Flags
r-devel-linux-x86_64-debian-clang 1.0.0 192.39 138.80 331.19 NOTE
r-devel-linux-x86_64-debian-gcc 1.0.0 0.30 1.70 2.00 ERROR
r-devel-linux-x86_64-fedora-clang 1.0.0 411.73 NOTE
r-devel-linux-x86_64-fedora-gcc 1.0.0 494.53 NOTE
r-devel-windows-x86_64 1.0.0 147.00 128.00 275.00 NOTE
r-patched-linux-x86_64 1.0.0 149.27 144.81 294.08 NOTE
r-release-linux-x86_64 1.0.0 145.25 144.38 289.63 NOTE
r-release-macos-arm64 1.0.0 101.00 NOTE
r-release-macos-x86_64 1.0.0 151.00 NOTE
r-release-windows-x86_64 1.0.0 152.00 139.00 291.00 NOTE
r-oldrel-macos-arm64 1.0.0 106.00 NOTE
r-oldrel-macos-x86_64 1.0.0 225.00 NOTE
r-oldrel-windows-x86_64 1.0.0 190.00 164.00 354.00 NOTE

Check Details

Version: 1.0.0
Check: for GNU extensions in Makefiles
Result: NOTE GNU make is a SystemRequirements. Flavors: r-devel-linux-x86_64-debian-clang, r-devel-linux-x86_64-fedora-clang, r-devel-linux-x86_64-fedora-gcc, r-devel-windows-x86_64, r-patched-linux-x86_64, r-release-linux-x86_64, r-release-macos-arm64, r-release-macos-x86_64, r-release-windows-x86_64, r-oldrel-macos-arm64, r-oldrel-macos-x86_64, r-oldrel-windows-x86_64

Version: 1.0.0
Check: package dependencies
Result: ERROR Package required but not available: ‘rstan’ See section ‘The DESCRIPTION file’ in the ‘Writing R Extensions’ manual. Flavor: r-devel-linux-x86_64-debian-gcc

Version: 1.0.0
Check: installed package size
Result: NOTE installed size is 42.6Mb sub-directories of 1Mb or more: libs 42.4Mb Flavors: r-release-macos-arm64, r-release-macos-x86_64, r-oldrel-macos-arm64, r-oldrel-macos-x86_64