CRAN Package Check Results for Package multimorbidity

Last updated on 2022-09-30 00:49:20 CEST.

Flavor Version Tinstall Tcheck Ttotal Status Flags
r-devel-linux-x86_64-debian-clang 0.5.0 9.26 60.85 70.11 OK
r-devel-linux-x86_64-debian-gcc 0.5.0 8.53 47.38 55.91 OK
r-devel-linux-x86_64-fedora-clang 0.5.0 100.50 NOTE
r-devel-linux-x86_64-fedora-gcc 0.5.0 94.38 NOTE
r-devel-windows-x86_64 0.5.0 37.00 88.00 125.00 OK
r-patched-linux-x86_64 0.5.0 6.55 59.95 66.50 OK
r-release-linux-x86_64 0.5.0 6.35 60.76 67.11 OK
r-release-macos-arm64 0.5.0 28.00 NOTE
r-release-macos-x86_64 0.5.0 48.00 NOTE
r-release-windows-x86_64 0.5.0 37.00 87.00 124.00 OK
r-oldrel-macos-arm64 0.5.0 28.00 NOTE
r-oldrel-macos-x86_64 0.5.0 38.00 NOTE
r-oldrel-windows-ix86+x86_64 0.5.0 19.00 87.00 106.00 OK

Check Details

Version: 0.5.0
Check: dependencies in R code
Result: NOTE
    Namespaces in Imports field not imported from:
     ‘devtools’ ‘stats’ ‘tidyverse’
     All declared Imports should be used.
Flavors: r-devel-linux-x86_64-fedora-clang, r-devel-linux-x86_64-fedora-gcc, r-release-macos-arm64, r-release-macos-x86_64, r-oldrel-macos-arm64, r-oldrel-macos-x86_64

Version: 0.5.0
Check: data for non-ASCII characters
Result: NOTE
     Note: found 15 marked UTF-8 strings
Flavors: r-devel-linux-x86_64-fedora-clang, r-devel-linux-x86_64-fedora-gcc, r-release-macos-arm64, r-release-macos-x86_64, r-oldrel-macos-arm64, r-oldrel-macos-x86_64