CRAN Package Check Results for Package multilink

Last updated on 2024-02-21 12:53:05 CET.

Flavor Version Tinstall Tcheck Ttotal Status Flags
r-devel-linux-x86_64-debian-clang 0.1.1 OK
r-devel-linux-x86_64-debian-gcc 0.1.1 84.81 41.07 125.88 OK
r-devel-linux-x86_64-fedora-clang 0.1.1 233.19 OK
r-devel-linux-x86_64-fedora-gcc 0.1.1 234.33 OK
r-devel-windows-x86_64 0.1.1 80.00 86.00 166.00 OK
r-patched-linux-x86_64 0.1.1 109.63 54.48 164.11 OK
r-release-linux-x86_64 0.1.1 102.61 52.80 155.41 OK
r-release-macos-arm64 0.1.1 129.00 NOTE
r-release-macos-x86_64 0.1.1 62.00 OK
r-release-windows-x86_64 0.1.1 102.00 102.00 204.00 OK
r-oldrel-macos-arm64 0.1.1 56.00 NOTE
r-oldrel-windows-x86_64 0.1.1 98.00 107.00 205.00 OK

Check Details

Version: 0.1.1
Check: installed package size
Result: NOTE installed size is 5.1Mb sub-directories of 1Mb or more: libs 4.9Mb Flavors: r-release-macos-arm64, r-oldrel-macos-arm64