CRAN Package Check Results for Package multiclassPairs

Last updated on 2021-09-25 01:50:25 CEST.

Flavor Version Tinstall Tcheck Ttotal Status Flags
r-devel-linux-x86_64-debian-clang 0.4.3 16.27 219.04 235.31 OK
r-devel-linux-x86_64-debian-gcc 0.4.3 13.47 162.89 176.36 OK
r-devel-linux-x86_64-fedora-clang 0.4.3 290.11 OK
r-devel-linux-x86_64-fedora-gcc 0.4.3 272.25 OK
r-devel-windows-x86_64 0.4.3 19.00 123.00 142.00 WARN
r-devel-windows-x86_64-gcc10-UCRT 0.4.3 OK
r-patched-linux-x86_64 0.4.3 15.88 203.81 219.69 OK
r-patched-solaris-x86 0.4.3 328.40 NOTE
r-release-linux-x86_64 0.4.3 17.48 203.47 220.95 OK
r-release-macos-arm64 0.4.3 OK
r-release-macos-x86_64 0.4.3 NOTE
r-release-windows-ix86+x86_64 0.4.3 39.00 196.00 235.00 NOTE
r-oldrel-macos-x86_64 0.4.3 NOTE
r-oldrel-windows-ix86+x86_64 0.4.3 27.00 185.00 212.00 NOTE

Check Details

Version: 0.4.3
Check: package dependencies
Result: NOTE
    Package suggested but not available for checking: 'leukemiasEset'
Flavors: r-devel-windows-x86_64, r-patched-solaris-x86, r-release-windows-ix86+x86_64, r-oldrel-windows-ix86+x86_64

Version: 0.4.3
Check: re-building of vignette outputs
Result: WARN
    Error(s) in re-building vignettes:
    --- re-building 'Tutorial.Rmd' using rmarkdown
    
    
    Quitting from lines 131-144 (Tutorial.Rmd)
    Error: processing vignette 'Tutorial.Rmd' failed with diagnostics:
    Bioconductor does not yet build and check packages for R version 4.2; see
     https://bioconductor.org/install
    --- failed re-building 'Tutorial.Rmd'
    
    SUMMARY: processing the following file failed:
     'Tutorial.Rmd'
    
    Error: Vignette re-building failed.
    Execution halted
Flavor: r-devel-windows-x86_64

Version: 0.4.3
Check: package dependencies
Result: NOTE
    Packages suggested but not available for checking:
     'switchBox', 'leukemiasEset'
Flavor: r-release-macos-x86_64

Version: 0.4.3
Check: package dependencies
Result: NOTE
    Package suggested but not available for checking: ‘switchBox’
Flavor: r-oldrel-macos-x86_64