CRAN Package Check Results for Package multcompView

Last updated on 2022-12-10 00:49:58 CET.

Flavor Version Tinstall Tcheck Ttotal Status Flags
r-devel-linux-x86_64-debian-clang 0.1-8 3.46 47.47 50.93 NOTE
r-devel-linux-x86_64-debian-gcc 0.1-8 2.62 37.68 40.30 NOTE
r-devel-linux-x86_64-fedora-clang 0.1-8 72.44 NOTE
r-devel-linux-x86_64-fedora-gcc 0.1-8 68.62 NOTE
r-devel-windows-x86_64 0.1-8 27.00 94.00 121.00 NOTE
r-patched-linux-x86_64 0.1-8 4.02 40.16 44.18 OK
r-release-linux-x86_64 0.1-8 3.15 43.32 46.47 OK
r-release-macos-arm64 0.1-8 30.00 OK
r-release-macos-x86_64 0.1-8 38.00 OK
r-release-windows-x86_64 0.1-8 34.00 70.00 104.00 OK
r-oldrel-macos-arm64 0.1-8 27.00 OK
r-oldrel-macos-x86_64 0.1-8 47.00 OK
r-oldrel-windows-ix86+x86_64 0.1-8 10.00 66.00 76.00 OK

Check Details

Version: 0.1-8
Check: Rd files
Result: NOTE
    checkRd: (-1) print.multcompLetters.Rd:20: Escaped LaTeX specials: \$
Flavors: r-devel-linux-x86_64-debian-clang, r-devel-linux-x86_64-debian-gcc, r-devel-linux-x86_64-fedora-clang, r-devel-linux-x86_64-fedora-gcc, r-devel-windows-x86_64