CRAN Package Check Results for Package mully

Last updated on 2021-08-01 13:49:43 CEST.

Flavor Version Tinstall Tcheck Ttotal Status Flags
r-devel-linux-x86_64-debian-clang 2.1.33 5.84 64.60 70.44 OK
r-devel-linux-x86_64-debian-gcc 2.1.33 5.06 51.14 56.20 OK
r-devel-linux-x86_64-fedora-clang 2.1.33 92.87 NOTE
r-devel-linux-x86_64-fedora-gcc 2.1.33 85.04 NOTE
r-devel-windows-x86_64 2.1.33 9.00 105.00 114.00 OK
r-devel-windows-x86_64-gcc10-UCRT 2.1.33 NOTE
r-patched-linux-x86_64 2.1.33 OK
r-patched-solaris-x86 2.1.33 118.00 NOTE
r-release-linux-x86_64 2.1.33 6.04 62.39 68.43 OK
r-release-macos-arm64 2.1.33 NOTE
r-release-macos-x86_64 2.1.33 NOTE
r-release-windows-ix86+x86_64 2.1.33 16.00 102.00 118.00 OK
r-oldrel-macos-x86_64 2.1.33 NOTE
r-oldrel-windows-ix86+x86_64 2.1.33 37.00 109.00 146.00 OK

Check Details

Version: 2.1.33
Check: dependencies in R code
Result: NOTE
    Namespace in Imports field not imported from: ‘shape’
     All declared Imports should be used.
Flavors: r-devel-linux-x86_64-fedora-clang, r-devel-linux-x86_64-fedora-gcc, r-devel-windows-x86_64-gcc10-UCRT, r-patched-solaris-x86, r-release-macos-arm64, r-release-macos-x86_64, r-oldrel-macos-x86_64