CRAN Package Check Results for Package mssm

Last updated on 2021-11-26 19:52:57 CET.

Flavor Version Tinstall Tcheck Ttotal Status Flags
r-devel-linux-x86_64-debian-clang 0.1.5 351.63 58.28 409.91 OK
r-devel-linux-x86_64-debian-gcc 0.1.5 277.63 44.46 322.09 OK
r-devel-linux-x86_64-fedora-clang 0.1.5 655.98 NOTE
r-devel-linux-x86_64-fedora-gcc 0.1.5 618.82 OK
r-devel-windows-x86_64-new-UL 0.1.5 488.00 162.00 650.00 OK
r-devel-windows-x86_64-new-TK 0.1.5 OK
r-devel-windows-x86_64-old 0.1.5 402.00 129.00 531.00 OK
r-patched-linux-x86_64 0.1.5 333.39 56.22 389.61 OK
r-patched-solaris-x86 0.1.5 456.40 OK
r-release-linux-x86_64 0.1.5 OK
r-release-macos-arm64 0.1.5 NOTE
r-release-macos-x86_64 0.1.5 NOTE
r-release-windows-ix86+x86_64 0.1.5 905.00 154.00 1059.00 NOTE
r-oldrel-macos-x86_64 0.1.5 NOTE
r-oldrel-windows-ix86+x86_64 0.1.5 925.00 190.00 1115.00 NOTE

Check Details

Version: 0.1.5
Check: installed package size
Result: NOTE
     installed size is 15.2Mb
     sub-directories of 1Mb or more:
     help 1.0Mb
     libs 14.1Mb
Flavors: r-devel-linux-x86_64-fedora-clang, r-release-macos-arm64, r-release-macos-x86_64, r-release-windows-ix86+x86_64, r-oldrel-macos-x86_64, r-oldrel-windows-ix86+x86_64