CRAN Package Check Results for Package msltrend

Last updated on 2024-05-26 00:56:23 CEST.

Flavor Version Tinstall Tcheck Ttotal Status Flags
r-devel-linux-x86_64-debian-clang 1.0 11.63 84.79 96.42 NOTE
r-devel-linux-x86_64-debian-gcc 1.0 9.29 62.99 72.28 NOTE
r-devel-linux-x86_64-fedora-clang 1.0 123.14 NOTE
r-devel-linux-x86_64-fedora-gcc 1.0 112.18 NOTE
r-devel-windows-x86_64 1.0 11.00 77.00 88.00 OK
r-patched-linux-x86_64 1.0 8.82 79.57 88.39 NOTE
r-release-linux-x86_64 1.0 8.25 82.47 90.72 NOTE
r-release-macos-arm64 1.0 41.00 OK
r-release-windows-x86_64 1.0 12.00 78.00 90.00 OK
r-oldrel-macos-arm64 1.0 121.00 OK
r-oldrel-macos-x86_64 1.0 59.00 OK
r-oldrel-windows-x86_64 1.0 15.00 92.00 107.00 OK

Check Details

Version: 1.0
Check: for non-standard things in the check directory
Result: NOTE Found the following files/directories: ‘Acceleration.pdf’ ‘File1.pdf’ ‘Forecast.pdf’ ‘Series.pdf’ ‘Velocity.pdf’ Flavors: r-devel-linux-x86_64-debian-clang, r-devel-linux-x86_64-debian-gcc, r-devel-linux-x86_64-fedora-clang, r-devel-linux-x86_64-fedora-gcc, r-patched-linux-x86_64, r-release-linux-x86_64