CRAN Package Check Results for Package msgr

Last updated on 2022-09-26 21:53:02 CEST.

Flavor Version Tinstall Tcheck Ttotal Status Flags
r-devel-linux-x86_64-debian-clang 1.1.2 3.68 34.96 38.64 NOTE
r-devel-linux-x86_64-debian-gcc 1.1.2 2.93 27.26 30.19 NOTE
r-devel-linux-x86_64-fedora-clang 1.1.2 59.07 NOTE
r-devel-linux-x86_64-fedora-gcc 1.1.2 56.28 NOTE
r-devel-windows-x86_64 1.1.2 16.00 66.00 82.00 NOTE
r-patched-linux-x86_64 1.1.2 2.83 33.96 36.79 NOTE
r-release-linux-x86_64 1.1.2 3.37 33.08 36.45 NOTE
r-release-macos-arm64 1.1.2 18.00 NOTE
r-release-macos-x86_64 1.1.2 26.00 NOTE
r-release-windows-x86_64 1.1.2 13.00 69.00 82.00 NOTE
r-oldrel-macos-arm64 1.1.2 22.00 NOTE
r-oldrel-macos-x86_64 1.1.2 33.00 NOTE
r-oldrel-windows-ix86+x86_64 1.1.2 8.00 58.00 66.00 NOTE

Check Details

Version: 1.1.2
Check: LazyData
Result: NOTE
     'LazyData' is specified without a 'data' directory
Flavors: r-devel-linux-x86_64-debian-clang, r-devel-linux-x86_64-debian-gcc, r-devel-linux-x86_64-fedora-clang, r-devel-linux-x86_64-fedora-gcc, r-devel-windows-x86_64, r-patched-linux-x86_64, r-release-linux-x86_64, r-release-macos-arm64, r-release-macos-x86_64, r-release-windows-x86_64, r-oldrel-macos-arm64, r-oldrel-macos-x86_64, r-oldrel-windows-ix86+x86_64