Last updated on 2023-09-30 00:56:12 CEST.
Flavor | Version | Tinstall | Tcheck | Ttotal | Status | Flags |
---|---|---|---|---|---|---|
r-devel-linux-x86_64-debian-clang | 1.1.2 | 4.06 | 36.82 | 40.88 | NOTE | |
r-devel-linux-x86_64-debian-gcc | 1.1.2 | 2.98 | 29.26 | 32.24 | NOTE | |
r-devel-linux-x86_64-fedora-clang | 1.1.2 | 50.83 | NOTE | |||
r-devel-linux-x86_64-fedora-gcc | 1.1.2 | 49.52 | NOTE | |||
r-devel-windows-x86_64 | 1.1.2 | 5.00 | 51.00 | 56.00 | NOTE | |
r-patched-linux-x86_64 | 1.1.2 | 4.52 | 35.95 | 40.47 | NOTE | |
r-release-linux-x86_64 | 1.1.2 | 3.75 | 37.06 | 40.81 | NOTE | |
r-release-macos-arm64 | 1.1.2 | 24.00 | NOTE | |||
r-release-macos-x86_64 | 1.1.2 | 28.00 | NOTE | |||
r-release-windows-x86_64 | 1.1.2 | 6.00 | 56.00 | 62.00 | NOTE | |
r-oldrel-macos-arm64 | 1.1.2 | 18.00 | NOTE | |||
r-oldrel-macos-x86_64 | 1.1.2 | 26.00 | NOTE | |||
r-oldrel-windows-x86_64 | 1.1.2 | 6.00 | 55.00 | 61.00 | NOTE |
Version: 1.1.2
Check: LazyData
Result: NOTE
'LazyData' is specified without a 'data' directory
Flavors: r-devel-linux-x86_64-debian-clang, r-devel-linux-x86_64-debian-gcc, r-devel-linux-x86_64-fedora-clang, r-devel-linux-x86_64-fedora-gcc, r-devel-windows-x86_64, r-patched-linux-x86_64, r-release-linux-x86_64, r-release-macos-arm64, r-release-macos-x86_64, r-release-windows-x86_64, r-oldrel-macos-arm64, r-oldrel-macos-x86_64, r-oldrel-windows-x86_64