CRAN Package Check Results for Package mscstts

Last updated on 2021-08-02 19:50:56 CEST.

Flavor Version Tinstall Tcheck Ttotal Status Flags
r-devel-linux-x86_64-debian-clang 0.6.2 2.47 30.50 32.97 OK
r-devel-linux-x86_64-debian-gcc 0.6.2 1.93 24.43 26.36 OK
r-devel-linux-x86_64-fedora-clang 0.6.2 48.63 NOTE
r-devel-linux-x86_64-fedora-gcc 0.6.2 37.99 NOTE
r-devel-windows-x86_64 0.6.2 4.00 47.00 51.00 OK
r-devel-windows-x86_64-gcc10-UCRT 0.6.2 NOTE
r-patched-linux-x86_64 0.6.2 OK
r-patched-solaris-x86 0.6.2 58.60 NOTE
r-release-linux-x86_64 0.6.2 2.33 29.54 31.87 OK
r-release-macos-arm64 0.6.2 NOTE
r-release-macos-x86_64 0.6.2 NOTE
r-release-windows-ix86+x86_64 0.6.2 5.00 50.00 55.00 OK
r-oldrel-macos-x86_64 0.6.2 NOTE
r-oldrel-windows-ix86+x86_64 0.6.2 4.00 53.00 57.00 OK

Check Details

Version: 0.6.2
Check: data for non-ASCII characters
Result: NOTE
     Note: found 26 marked UTF-8 strings
Flavors: r-devel-linux-x86_64-fedora-clang, r-devel-linux-x86_64-fedora-gcc, r-devel-windows-x86_64-gcc10-UCRT, r-patched-solaris-x86, r-release-macos-arm64, r-release-macos-x86_64, r-oldrel-macos-x86_64