CRAN Package Check Results for Package msce

Last updated on 2024-02-25 01:01:10 CET.

Flavor Version Tinstall Tcheck Ttotal Status Flags
r-devel-linux-x86_64-debian-clang 1.0.1 33.07 37.88 70.95 NOTE
r-devel-linux-x86_64-debian-gcc 1.0.1 24.30 30.98 55.28 NOTE
r-devel-linux-x86_64-fedora-clang 1.0.1 106.27 NOTE
r-devel-linux-x86_64-fedora-gcc 1.0.1 119.71 NOTE
r-devel-windows-x86_64 1.0.1 30.00 72.00 102.00 NOTE
r-patched-linux-x86_64 1.0.1 32.16 36.20 68.36 NOTE
r-release-linux-x86_64 1.0.1 34.49 36.32 70.81 NOTE
r-release-macos-arm64 1.0.1 36.00 NOTE
r-release-macos-x86_64 1.0.1 64.00 NOTE
r-release-windows-x86_64 1.0.1 29.00 80.00 109.00 NOTE
r-oldrel-macos-arm64 1.0.1 33.00 OK
r-oldrel-windows-x86_64 1.0.1 37.00 81.00 118.00 OK

Check Details

Version: 1.0.1
Check: C++ specification
Result: NOTE Specified C++11: please drop specification unless essential Flavors: r-devel-linux-x86_64-debian-clang, r-devel-linux-x86_64-debian-gcc, r-devel-linux-x86_64-fedora-clang, r-devel-linux-x86_64-fedora-gcc, r-devel-windows-x86_64, r-patched-linux-x86_64, r-release-linux-x86_64, r-release-macos-arm64, r-release-macos-x86_64, r-release-windows-x86_64