CRAN Package Check Results for Package msaenet

Last updated on 2023-02-08 12:57:15 CET.

Flavor Version Tinstall Tcheck Ttotal Status Flags
r-devel-linux-x86_64-debian-clang 3.1 12.74 143.26 156.00 NOTE
r-devel-linux-x86_64-debian-gcc 3.1 8.21 108.70 116.91 NOTE
r-devel-linux-x86_64-fedora-clang 3.1 186.76 NOTE
r-devel-linux-x86_64-fedora-gcc 3.1 196.70 NOTE
r-devel-windows-x86_64 3.1 35.00 180.00 215.00 NOTE
r-patched-linux-x86_64 3.1 10.89 135.43 146.32 NOTE
r-release-linux-x86_64 3.1 10.21 140.75 150.96 NOTE
r-release-macos-arm64 3.1 56.00 NOTE
r-release-macos-x86_64 3.1 79.00 NOTE
r-release-windows-x86_64 3.1 47.00 191.00 238.00 NOTE
r-oldrel-macos-arm64 3.1 73.00 NOTE
r-oldrel-macos-x86_64 3.1 133.00 NOTE
r-oldrel-windows-ix86+x86_64 3.1 21.00 174.00 195.00 NOTE

Check Details

Version: 3.1
Check: LazyData
Result: NOTE
     'LazyData' is specified without a 'data' directory
Flavors: r-devel-linux-x86_64-debian-clang, r-devel-linux-x86_64-debian-gcc, r-devel-linux-x86_64-fedora-clang, r-devel-linux-x86_64-fedora-gcc, r-devel-windows-x86_64, r-patched-linux-x86_64, r-release-linux-x86_64, r-release-macos-arm64, r-release-macos-x86_64, r-release-windows-x86_64, r-oldrel-macos-arm64, r-oldrel-macos-x86_64, r-oldrel-windows-ix86+x86_64