CRAN Package Check Results for Package mregions

Last updated on 2021-06-18 22:54:35 CEST.

Flavor Version Tinstall Tcheck Ttotal Status Flags
r-devel-linux-x86_64-debian-clang 0.1.6 3.79 37.34 41.13 OK
r-devel-linux-x86_64-debian-gcc 0.1.6 2.54 29.00 31.54 OK
r-devel-linux-x86_64-fedora-clang 0.1.6 56.88 OK
r-devel-linux-x86_64-fedora-gcc 0.1.6 46.43 OK
r-devel-windows-x86_64 0.1.6 8.00 55.00 63.00 OK
r-devel-windows-x86_64-gcc10-UCRT 0.1.6 NOTE
r-patched-linux-x86_64 0.1.6 4.10 35.49 39.59 OK
r-patched-solaris-x86 0.1.6 74.20 OK
r-release-linux-x86_64 0.1.6 3.60 35.53 39.13 OK
r-release-macos-arm64 0.1.6 NOTE
r-release-macos-x86_64 0.1.6 OK
r-release-windows-ix86+x86_64 0.1.6 9.00 56.00 65.00 OK
r-oldrel-macos-x86_64 0.1.6 OK
r-oldrel-windows-ix86+x86_64 0.1.6 6.00 58.00 64.00 OK

Check Details

Version: 0.1.6
Check: package dependencies
Result: NOTE
    Packages suggested but not available for checking:
     'geojsonio', 'rmapshaper'
Flavor: r-devel-windows-x86_64-gcc10-UCRT

Version: 0.1.6
Check: package dependencies
Result: NOTE
    Packages suggested but not available for checking:
     'geojsonio', 'rgdal', 'rmapshaper'
Flavor: r-release-macos-arm64