CRAN Package Check Results for Package mrbayes

Last updated on 2024-02-28 00:56:26 CET.

Flavor Version Tinstall Tcheck Ttotal Status Flags
r-devel-linux-x86_64-debian-clang 0.5.1 575.83 187.53 763.36 NOTE
r-devel-linux-x86_64-debian-gcc 0.5.1 543.87 173.56 717.43 NOTE
r-devel-linux-x86_64-fedora-clang 0.5.1 983.28 NOTE
r-devel-linux-x86_64-fedora-gcc 0.5.1 1288.67 NOTE
r-devel-windows-x86_64 0.5.1 459.00 203.00 662.00 NOTE
r-patched-linux-x86_64 0.5.1 496.54 226.25 722.79 NOTE
r-release-linux-x86_64 0.5.1 0.01 2.38 2.39 ERROR
r-release-macos-arm64 0.5.1 217.00 NOTE
r-release-macos-x86_64 0.5.1 435.00 NOTE
r-release-windows-x86_64 0.5.1 578.00 245.00 823.00 NOTE
r-oldrel-macos-arm64 0.5.1 243.00 NOTE
r-oldrel-windows-x86_64 0.5.1 544.00 232.00 776.00 NOTE

Check Details

Version: 0.5.1
Check: Rd files
Result: NOTE checkRd: (-1) mvmr_egger_rjags.Rd:51-59: Lost braces 51 | if (requireNamespace("rjags", quietly = TRUE)) { | ^ Flavors: r-devel-linux-x86_64-debian-clang, r-devel-linux-x86_64-debian-gcc, r-devel-linux-x86_64-fedora-clang, r-devel-linux-x86_64-fedora-gcc

Version: 0.5.1
Check: for GNU extensions in Makefiles
Result: NOTE GNU make is a SystemRequirements. Flavors: r-devel-linux-x86_64-debian-clang, r-devel-linux-x86_64-debian-gcc, r-devel-linux-x86_64-fedora-clang, r-devel-linux-x86_64-fedora-gcc, r-devel-windows-x86_64, r-patched-linux-x86_64, r-release-macos-arm64, r-release-macos-x86_64, r-release-windows-x86_64, r-oldrel-macos-arm64, r-oldrel-windows-x86_64

Version: 0.5.1
Check: installed package size
Result: NOTE installed size is 5.9Mb sub-directories of 1Mb or more: libs 5.4Mb Flavors: r-devel-linux-x86_64-fedora-clang, r-release-macos-arm64, r-release-macos-x86_64, r-oldrel-macos-arm64

Version: 0.5.1
Check: dependencies in R code
Result: NOTE Namespace in Imports field not imported from: ‘rstantools’ All declared Imports should be used. Flavors: r-devel-linux-x86_64-fedora-clang, r-devel-linux-x86_64-fedora-gcc, r-oldrel-macos-arm64

Version: 0.5.1
Check: whether package can be installed
Result: ERROR Installation failed. Flavor: r-release-linux-x86_64