CRAN Package Check Results for Package mpmcorrelogram

Last updated on 2021-09-20 01:48:52 CEST.

Flavor Version Tinstall Tcheck Ttotal Status Flags
r-devel-linux-x86_64-debian-clang 0.1-4 7.97 62.67 70.64 OK
r-devel-linux-x86_64-debian-gcc 0.1-4 6.34 49.70 56.04 OK
r-devel-linux-x86_64-fedora-clang 0.1-4 92.10 OK
r-devel-linux-x86_64-fedora-gcc 0.1-4 81.26 OK
r-devel-windows-x86_64 0.1-4 8.00 58.00 66.00 OK
r-devel-windows-x86_64-gcc10-UCRT 0.1-4 ERROR
r-patched-linux-x86_64 0.1-4 7.14 62.35 69.49 OK
r-patched-solaris-x86 0.1-4 129.80 OK
r-release-linux-x86_64 0.1-4 6.10 62.02 68.12 OK
r-release-macos-arm64 0.1-4 OK
r-release-macos-x86_64 0.1-4 OK
r-release-windows-ix86+x86_64 0.1-4 18.00 61.00 79.00 OK
r-oldrel-macos-x86_64 0.1-4 OK
r-oldrel-windows-ix86+x86_64 0.1-4 16.00 58.00 74.00 OK

Check Details

Version: 0.1-4
Check: whether package can be installed
Result: WARN
    Found the following significant warnings:
     WARNING: installation-time patches will not be applied, could not get the patches index
Flavor: r-devel-windows-x86_64-gcc10-UCRT

Version: 0.1-4
Check: PDF version of manual
Result: WARN
    LaTeX errors when creating PDF version.
    This typically indicates Rd problems.
Flavor: r-devel-windows-x86_64-gcc10-UCRT

Version: 0.1-4
Check: PDF version of manual without hyperrefs or index
Result: ERROR
    Re-running with no redirection of stdout/stderr.
Flavor: r-devel-windows-x86_64-gcc10-UCRT