CRAN Package Check Results for Package move

Last updated on 2021-06-23 07:50:24 CEST.

Flavor Version Tinstall Tcheck Ttotal Status Flags
r-devel-linux-x86_64-debian-clang 4.0.6 38.55 342.50 381.05 OK
r-devel-linux-x86_64-debian-gcc 4.0.6 29.72 241.58 271.30 OK
r-devel-linux-x86_64-fedora-clang 4.0.6 448.40 OK
r-devel-linux-x86_64-fedora-gcc 4.0.6 448.62 OK
r-devel-windows-x86_64 4.0.6 55.00 327.00 382.00 OK
r-devel-windows-x86_64-gcc10-UCRT 4.0.6 ERROR
r-patched-linux-x86_64 4.0.6 40.46 325.05 365.51 OK
r-patched-solaris-x86 4.0.6 524.40 OK
r-release-linux-x86_64 4.0.6 34.80 320.34 355.14 OK
r-release-macos-arm64 4.0.6 NOTE
r-release-macos-x86_64 4.0.6 OK
r-release-windows-ix86+x86_64 4.0.6 52.00 485.00 537.00 NOTE
r-oldrel-macos-x86_64 4.0.6 OK

Check Details

Version: 4.0.6
Check: package dependencies
Result: ERROR
    Package required but not available: 'httr'
    
    Package suggested but not available for checking: 'ggmap'
    
    See section 'The DESCRIPTION file' in the 'Writing R Extensions'
    manual.
Flavor: r-devel-windows-x86_64-gcc10-UCRT

Version: 4.0.6
Check: package dependencies
Result: NOTE
    Packages suggested but not available for checking: 'ctmm', 'amt'
Flavor: r-release-macos-arm64

Version: 4.0.6
Check: installed package size
Result: NOTE
     installed size is 5.5Mb
     sub-directories of 1Mb or more:
     R 2.0Mb
Flavors: r-release-macos-arm64, r-release-windows-ix86+x86_64

Version: 4.0.6
Check: Rd cross-references
Result: NOTE
    Packages unavailable to check Rd xrefs: ‘ctmm’, ‘amt’
Flavor: r-release-macos-arm64