CRAN Package Check Results for Package movMF

Last updated on 2021-09-16 22:55:37 CEST.

Flavor Version Tinstall Tcheck Ttotal Status Flags
r-devel-linux-x86_64-debian-clang 0.2-5 4.58 83.13 87.71 NOTE
r-devel-linux-x86_64-debian-gcc 0.2-5 3.58 64.74 68.32 NOTE
r-devel-linux-x86_64-fedora-clang 0.2-5 113.07 NOTE
r-devel-linux-x86_64-fedora-gcc 0.2-5 100.35 NOTE
r-devel-windows-x86_64 0.2-5 7.00 125.00 132.00 NOTE
r-devel-windows-x86_64-gcc10-UCRT 0.2-5 NOTE
r-patched-linux-x86_64 0.2-5 4.59 73.69 78.28 NOTE
r-patched-solaris-x86 0.2-5 128.10 NOTE
r-release-linux-x86_64 0.2-5 4.34 72.70 77.04 NOTE
r-release-macos-arm64 0.2-5 NOTE
r-release-macos-x86_64 0.2-5 NOTE
r-release-windows-ix86+x86_64 0.2-5 16.00 86.00 102.00 NOTE
r-oldrel-macos-x86_64 0.2-5 NOTE
r-oldrel-windows-ix86+x86_64 0.2-5 12.00 120.00 132.00 NOTE

Check Details

Version: 0.2-5
Check: package dependencies
Result: NOTE
    Package suggested but not available for checking: 'corpus.useR.2008.abstracts'
Flavors: r-devel-linux-x86_64-debian-clang, r-devel-linux-x86_64-debian-gcc, r-devel-linux-x86_64-fedora-clang, r-devel-linux-x86_64-fedora-gcc, r-devel-windows-x86_64, r-devel-windows-x86_64-gcc10-UCRT, r-patched-linux-x86_64, r-patched-solaris-x86, r-release-linux-x86_64, r-release-macos-arm64, r-release-macos-x86_64, r-release-windows-ix86+x86_64, r-oldrel-macos-x86_64, r-oldrel-windows-ix86+x86_64