CRAN Package Check Results for Package mousetrap

Last updated on 2021-09-25 07:49:40 CEST.

Flavor Version Tinstall Tcheck Ttotal Status Flags
r-devel-linux-x86_64-debian-clang 3.2.0 121.63 102.29 223.92 OK
r-devel-linux-x86_64-debian-gcc 3.2.0 77.61 79.40 157.01 OK
r-devel-linux-x86_64-fedora-clang 3.2.0 341.09 NOTE
r-devel-linux-x86_64-fedora-gcc 3.2.0 286.71 OK
r-devel-windows-x86_64 3.2.0 108.00 110.00 218.00 OK
r-devel-windows-x86_64-gcc10-UCRT 3.2.0 OK
r-patched-linux-x86_64 3.2.0 96.06 98.35 194.41 OK
r-patched-solaris-x86 3.2.0 317.60 OK
r-release-linux-x86_64 3.2.0 78.17 103.42 181.59 OK
r-release-macos-arm64 3.2.0 NOTE
r-release-macos-x86_64 3.2.0 NOTE
r-release-windows-ix86+x86_64 3.2.0 265.00 150.00 415.00 NOTE
r-oldrel-macos-x86_64 3.2.0 NOTE
r-oldrel-windows-ix86+x86_64 3.2.0 197.00 151.00 348.00 NOTE

Check Details

Version: 3.2.0
Check: installed package size
Result: NOTE
     installed size is 5.5Mb
     sub-directories of 1Mb or more:
     data 2.0Mb
     libs 2.9Mb
Flavors: r-devel-linux-x86_64-fedora-clang, r-release-macos-arm64, r-release-macos-x86_64, r-release-windows-ix86+x86_64, r-oldrel-macos-x86_64, r-oldrel-windows-ix86+x86_64