CRAN Package Check Results for Package motifcluster

Last updated on 2021-09-18 13:53:43 CEST.

Flavor Version Tinstall Tcheck Ttotal Status Flags
r-devel-linux-x86_64-debian-clang 0.1.1 12.97 213.03 226.00 NOTE
r-devel-linux-x86_64-debian-gcc 0.1.1 10.84 156.98 167.82 NOTE
r-devel-linux-x86_64-fedora-clang 0.1.1 267.80 NOTE
r-devel-linux-x86_64-fedora-gcc 0.1.1 259.95 NOTE
r-devel-windows-x86_64 0.1.1 17.00 246.00 263.00 NOTE
r-devel-windows-x86_64-gcc10-UCRT 0.1.1 NOTE
r-patched-linux-x86_64 0.1.1 15.04 200.21 215.25 NOTE
r-patched-solaris-x86 0.1.1 369.20 NOTE
r-release-linux-x86_64 0.1.1 12.29 201.44 213.73 NOTE
r-release-macos-arm64 0.1.1 NOTE
r-release-macos-x86_64 0.1.1 NOTE
r-release-windows-ix86+x86_64 0.1.1 32.00 174.00 206.00 NOTE
r-oldrel-macos-x86_64 0.1.1 OK
r-oldrel-windows-ix86+x86_64 0.1.1 32.00 175.00 207.00 OK

Check Details

Version: 0.1.1
Check: LazyData
Result: NOTE
     'LazyData' is specified without a 'data' directory
Flavors: r-devel-linux-x86_64-debian-clang, r-devel-linux-x86_64-debian-gcc, r-devel-linux-x86_64-fedora-clang, r-devel-linux-x86_64-fedora-gcc, r-devel-windows-x86_64, r-devel-windows-x86_64-gcc10-UCRT, r-patched-linux-x86_64, r-patched-solaris-x86, r-release-linux-x86_64, r-release-macos-arm64, r-release-macos-x86_64, r-release-windows-ix86+x86_64