CRAN Package Check Results for Package motif

Last updated on 2023-12-08 00:52:01 CET.

Flavor Version Tinstall Tcheck Ttotal Status Flags
r-devel-linux-x86_64-debian-clang 0.6.4 114.33 128.71 243.04 OK
r-devel-linux-x86_64-debian-gcc 0.6.4 76.25 94.08 170.33 OK
r-devel-linux-x86_64-fedora-clang 0.6.4 330.33 OK
r-devel-linux-x86_64-fedora-gcc 0.6.4 331.78 OK
r-devel-windows-x86_64 0.6.4 85.00 139.00 224.00 OK
r-patched-linux-x86_64 0.6.4 91.70 124.69 216.39 OK
r-release-linux-x86_64 0.6.4 98.06 121.14 219.20 OK
r-release-macos-arm64 0.6.4 70.00 NOTE
r-release-macos-x86_64 0.6.4 134.00 NOTE
r-release-windows-x86_64 0.6.4 110.00 168.00 278.00 OK
r-oldrel-macos-arm64 0.6.4 72.00 NOTE
r-oldrel-macos-x86_64 0.6.4 117.00 NOTE
r-oldrel-windows-x86_64 0.6.4 102.00 168.00 270.00 OK

Check Details

Version: 0.6.4
Check: installed package size
Result: NOTE installed size is 6.2Mb sub-directories of 1Mb or more: libs 3.0Mb raster 2.2Mb Flavors: r-release-macos-arm64, r-release-macos-x86_64, r-oldrel-macos-arm64, r-oldrel-macos-x86_64