Last updated on 2023-02-05 00:55:27 CET.
Flavor | Version | Tinstall | Tcheck | Ttotal | Status | Flags |
---|---|---|---|---|---|---|
r-devel-linux-x86_64-debian-clang | 0.5.2 | 115.79 | 125.75 | 241.54 | OK | |
r-devel-linux-x86_64-debian-gcc | 0.5.2 | 81.72 | 89.59 | 171.31 | OK | |
r-devel-linux-x86_64-fedora-clang | 0.5.2 | 312.37 | OK | |||
r-devel-linux-x86_64-fedora-gcc | 0.5.2 | 294.52 | OK | |||
r-devel-windows-x86_64 | 0.5.2 | 101.00 | 184.00 | 285.00 | OK | |
r-patched-linux-x86_64 | 0.5.2 | 87.36 | 117.19 | 204.55 | OK | |
r-release-linux-x86_64 | 0.5.2 | 89.04 | 114.82 | 203.86 | OK | |
r-release-macos-arm64 | 0.5.2 | 87.00 | NOTE | |||
r-release-macos-x86_64 | 0.5.2 | 115.00 | NOTE | |||
r-release-windows-x86_64 | 0.5.2 | 95.00 | 198.00 | 293.00 | OK | |
r-oldrel-macos-arm64 | 0.5.2 | 91.00 | NOTE | |||
r-oldrel-macos-x86_64 | 0.5.2 | 114.00 | NOTE | |||
r-oldrel-windows-ix86+x86_64 | 0.5.2 | 252.00 | 269.00 | 521.00 | NOTE |
Version: 0.5.2
Check: installed package size
Result: NOTE
installed size is 6.4Mb
sub-directories of 1Mb or more:
libs 3.2Mb
raster 2.2Mb
Flavors: r-release-macos-arm64, r-release-macos-x86_64, r-oldrel-macos-arm64, r-oldrel-macos-x86_64, r-oldrel-windows-ix86+x86_64