CRAN Package Check Results for Package mosaicCalc

Last updated on 2022-12-07 06:53:13 CET.

Flavor Version Tinstall Tcheck Ttotal Status Flags
r-devel-linux-x86_64-debian-clang 0.6.0 20.68 238.33 259.01 OK
r-devel-linux-x86_64-debian-gcc 0.6.0 15.11 172.17 187.28 OK
r-devel-linux-x86_64-fedora-clang 0.6.0 316.96 NOTE
r-devel-linux-x86_64-fedora-gcc 0.6.0 318.35 NOTE
r-devel-windows-x86_64 0.6.0 60.00 277.00 337.00 OK
r-patched-linux-x86_64 0.6.0 22.87 218.54 241.41 OK
r-release-linux-x86_64 0.6.0 20.85 208.93 229.78 OK
r-release-macos-arm64 0.6.0 63.00 NOTE
r-release-macos-x86_64 0.6.0 114.00 NOTE
r-release-windows-x86_64 0.6.0 109.00 263.00 372.00 OK
r-oldrel-macos-arm64 0.6.0 75.00 NOTE
r-oldrel-macos-x86_64 0.6.0 125.00 NOTE
r-oldrel-windows-ix86+x86_64 0.6.0 46.00 257.00 303.00 OK

Check Details

Version: 0.6.0
Check: data for non-ASCII characters
Result: NOTE
     Note: found 56 marked UTF-8 strings
Flavors: r-devel-linux-x86_64-fedora-clang, r-devel-linux-x86_64-fedora-gcc, r-release-macos-arm64, r-release-macos-x86_64, r-oldrel-macos-arm64, r-oldrel-macos-x86_64