CRAN Package Check Results for Package morse

Last updated on 2021-09-16 22:55:37 CEST.

Flavor Version Tinstall Tcheck Ttotal Status Flags
r-devel-linux-x86_64-debian-clang 3.3.1 16.15 307.90 324.05 OK --no-vignettes
r-devel-linux-x86_64-debian-gcc 3.3.1 11.61 198.76 210.37 OK --no-vignettes
r-devel-linux-x86_64-fedora-clang 3.3.1 386.07 NOTE --no-vignettes
r-devel-linux-x86_64-fedora-gcc 3.3.1 354.46 NOTE --no-vignettes
r-devel-windows-x86_64 3.3.1 17.00 313.00 330.00 OK --no-vignettes
r-devel-windows-x86_64-gcc10-UCRT 3.3.1 OK --no-vignettes
r-patched-linux-x86_64 3.3.1 16.08 297.23 313.31 OK --no-vignettes
r-patched-solaris-x86 3.3.1 749.20 OK --no-vignettes
r-release-linux-x86_64 3.3.1 11.03 286.60 297.63 OK --no-vignettes
r-release-macos-arm64 3.3.1 ERROR
r-release-macos-x86_64 3.3.1 OK
r-release-windows-ix86+x86_64 3.3.1 29.00 425.00 454.00 OK --no-vignettes
r-oldrel-macos-x86_64 3.3.1 OK
r-oldrel-windows-ix86+x86_64 3.3.1 21.00 585.00 606.00 OK --no-vignettes

Check Details

Version: 3.3.1
Flags: --no-vignettes
Check: compiled code
Result: NOTE
    File ‘morse/libs/morse.so’:
     Found no calls to: ‘R_registerRoutines’, ‘R_useDynamicSymbols’
    
    It is good practice to register native routines and to disable symbol
    search.
    
    See ‘Writing portable packages’ in the ‘Writing R Extensions’ manual.
Flavors: r-devel-linux-x86_64-fedora-clang, r-devel-linux-x86_64-fedora-gcc

Version: 3.3.1
Check: package dependencies
Result: ERROR
    Package required but not available: ‘rjags’
    
    See section ‘The DESCRIPTION file’ in the ‘Writing R Extensions’
    manual.
Flavor: r-release-macos-arm64