CRAN Package Check Results for Package mongolite

Last updated on 2021-07-29 07:49:38 CEST.

Flavor Version Tinstall Tcheck Ttotal Status Flags
r-devel-linux-x86_64-debian-clang 2.3.1 OK
r-devel-linux-x86_64-debian-gcc 2.3.1 30.65 24.15 54.80 OK
r-devel-linux-x86_64-fedora-clang 2.3.1 100.48 OK
r-devel-linux-x86_64-fedora-gcc 2.3.1 91.59 OK
r-devel-windows-x86_64 2.3.1 192.00 66.00 258.00 OK
r-devel-windows-x86_64-gcc10-UCRT 2.3.1 OK
r-patched-linux-x86_64 2.3.1 38.59 28.98 67.57 OK
r-patched-solaris-x86 2.3.1 143.20 ERROR
r-release-linux-x86_64 2.3.1 37.05 28.91 65.96 OK
r-release-macos-arm64 2.3.1 OK
r-release-macos-x86_64 2.3.1 OK
r-release-windows-ix86+x86_64 2.3.1 449.00 79.00 528.00 NOTE
r-oldrel-macos-x86_64 2.3.1 OK
r-oldrel-windows-ix86+x86_64 2.3.1 330.00 85.00 415.00 NOTE

Check Details

Version: 2.3.1
Check: examples
Result: ERROR
    Running examples in ‘mongolite-Ex.R’ failed
    The error most likely occurred in:
    
    > ### Name: gridfs
    > ### Title: GridFS API
    > ### Aliases: gridfs
    >
    > ### ** Examples
    >
    > # Upload a file to GridFS
    > fs <- gridfs(url = "mongodb+srv://readwrite:test@cluster0-84vdt.mongodb.net/test")
    Error: No suitable servers found (`serverSelectionTryOnce` set): [TLS handshake failed: error:14090086:SSL routines:ssl3_get_server_certificate:certificate verify failed calling ismaster on 'cluster0-shard-00-01-84vdt.mongodb.net:27017'] [TLS handshake failed: error:14090086:SSL routines:ssl3_get_server_certificate:certificate verify failed calling ismaster on 'cluster0-shard-00-02-84vdt.mongodb.net:27017'] [TLS handshake failed: error:14090086:SSL routines:ssl3_get_server_certificate:certificate verify f
    Execution halted
Flavor: r-patched-solaris-x86

Version: 2.3.1
Check: installed package size
Result: NOTE
     installed size is 7.2Mb
     sub-directories of 1Mb or more:
     libs 7.1Mb
Flavors: r-release-windows-ix86+x86_64, r-oldrel-windows-ix86+x86_64