CRAN Package Check Results for Package molic

Last updated on 2021-11-26 19:52:56 CET.

Flavor Version Tinstall Tcheck Ttotal Status Flags
r-devel-linux-x86_64-debian-clang 2.0.3 38.24 140.03 178.27 OK
r-devel-linux-x86_64-debian-gcc 2.0.3 31.27 103.55 134.82 OK
r-devel-linux-x86_64-fedora-clang 2.0.3 233.94 NOTE
r-devel-linux-x86_64-fedora-gcc 2.0.3 225.16 OK
r-devel-windows-x86_64-new-UL 2.0.3 66.00 257.00 323.00 OK
r-devel-windows-x86_64-new-TK 2.0.3 OK
r-devel-windows-x86_64-old 2.0.3 47.00 219.00 266.00 OK
r-patched-linux-x86_64 2.0.3 38.77 137.47 176.24 OK
r-patched-solaris-x86 2.0.3 131.90 OK
r-release-linux-x86_64 2.0.3 OK
r-release-macos-arm64 2.0.3 NOTE
r-release-macos-x86_64 2.0.3 NOTE
r-release-windows-ix86+x86_64 2.0.3 95.00 177.00 272.00 NOTE
r-oldrel-macos-x86_64 2.0.3 NOTE
r-oldrel-windows-ix86+x86_64 2.0.3 97.00 265.00 362.00 NOTE

Check Details

Version: 2.0.3
Check: installed package size
Result: NOTE
     installed size is 5.2Mb
     sub-directories of 1Mb or more:
     extdata 1.6Mb
     libs 2.3Mb
Flavors: r-devel-linux-x86_64-fedora-clang, r-release-macos-arm64, r-release-macos-x86_64, r-release-windows-ix86+x86_64, r-oldrel-macos-x86_64, r-oldrel-windows-ix86+x86_64