CRAN Package Check Results for Package molaR

Last updated on 2021-08-02 22:54:39 CEST.

Flavor Version Tinstall Tcheck Ttotal Status Flags
r-devel-linux-x86_64-debian-clang 4.5 17.80 260.57 278.37 OK
r-devel-linux-x86_64-debian-gcc 4.5 14.80 192.77 207.57 OK
r-devel-linux-x86_64-fedora-clang 4.5 354.49 NOTE
r-devel-linux-x86_64-fedora-gcc 4.5 339.84 OK
r-devel-windows-x86_64 4.5 24.00 260.00 284.00 NOTE
r-devel-windows-x86_64-gcc10-UCRT 4.5 OK
r-patched-linux-x86_64 4.5 OK
r-patched-solaris-x86 4.5 313.50 WARN
r-release-linux-x86_64 4.5 17.37 234.17 251.54 OK
r-release-macos-arm64 4.5 NOTE
r-release-macos-x86_64 4.5 WARN
r-release-windows-ix86+x86_64 4.5 42.00 264.00 306.00 NOTE
r-oldrel-macos-x86_64 4.5 WARN
r-oldrel-windows-ix86+x86_64 4.5 45.00 270.00 315.00 NOTE

Check Details

Version: 4.5
Check: installed package size
Result: NOTE
     installed size is 24.1Mb
     sub-directories of 1Mb or more:
     doc 23.1Mb
Flavors: r-devel-linux-x86_64-fedora-clang, r-devel-windows-x86_64, r-patched-solaris-x86, r-release-macos-arm64, r-release-macos-x86_64, r-release-windows-ix86+x86_64, r-oldrel-macos-x86_64, r-oldrel-windows-ix86+x86_64

Version: 4.5
Check: re-building of vignette outputs
Result: WARN
    Error(s) in re-building vignettes:
     ...
    --- re-building ‘molaR_vignette.Rmd’ using rmarkdown
    Warning in engine$weave(file, quiet = quiet, encoding = enc) :
     Pandoc (>= 1.12.3) not available. Falling back to R Markdown v1.
    Loading required package: alphahull
    Loading required package: rgl
    Loading required package: Rvcg
    Quitting from lines 58-60 (molaR_vignette.Rmd)
    Error: processing vignette 'molaR_vignette.Rmd' failed with diagnostics:
    OpenGL is not available in this build
    --- failed re-building ‘molaR_vignette.Rmd’
    
    SUMMARY: processing the following file failed:
     ‘molaR_vignette.Rmd’
    
    Error: Vignette re-building failed.
    Execution halted
Flavor: r-patched-solaris-x86

Version: 4.5
Check: re-building of vignette outputs
Result: WARN
    Error(s) in re-building vignettes:
     ...
    --- re-building ‘molaR_vignette.Rmd’ using rmarkdown
    Warning in engine$weave(file, quiet = quiet, encoding = enc) :
     Pandoc (>= 1.12.3) not available. Falling back to R Markdown v1.
    Loading required package: alphahull
    Loading required package: rgl
    Loading required package: Rvcg
    Quitting from lines 58-60 (molaR_vignette.Rmd)
    Error: processing vignette 'molaR_vignette.Rmd' failed with diagnostics:
    invalid 'path' argument
    --- failed re-building ‘molaR_vignette.Rmd’
    
    SUMMARY: processing the following file failed:
     ‘molaR_vignette.Rmd’
    
    Error: Vignette re-building failed.
    Execution halted
Flavor: r-release-macos-x86_64

Version: 4.5
Check: re-building of vignette outputs
Result: WARN
    Error(s) in re-building vignettes:
     ...
    --- re-building ‘molaR_vignette.Rmd’ using rmarkdown
    Warning in engine$weave(file, quiet = quiet, encoding = enc) :
     Pandoc (>= 1.12.3) and/or pandoc-citeproc not available. Falling back to R Markdown v1.
    Loading required package: alphahull
    Loading required package: rgl
    Loading required package: Rvcg
    Quitting from lines 58-60 (molaR_vignette.Rmd)
    Error: processing vignette 'molaR_vignette.Rmd' failed with diagnostics:
    cannot open the connection
    --- failed re-building ‘molaR_vignette.Rmd’
    
    SUMMARY: processing the following file failed:
     ‘molaR_vignette.Rmd’
    
    Error: Vignette re-building failed.
    Execution halted
Flavor: r-oldrel-macos-x86_64