CRAN Package Check Results for Package mojson

Last updated on 2022-10-06 18:49:55 CEST.

Flavor Version Tinstall Tcheck Ttotal Status Flags
r-devel-linux-x86_64-debian-clang 0.1 5.69 64.49 70.18 NOTE
r-devel-linux-x86_64-debian-gcc 0.1 4.88 47.82 52.70 NOTE
r-devel-linux-x86_64-fedora-clang 0.1 94.39 NOTE
r-devel-linux-x86_64-fedora-gcc 0.1 91.01 NOTE
r-devel-windows-x86_64 0.1 11.00 97.00 108.00 NOTE
r-patched-linux-x86_64 0.1 6.51 58.88 65.39 NOTE
r-release-linux-x86_64 0.1 4.31 58.97 63.28 NOTE
r-release-macos-arm64 0.1 28.00 NOTE
r-release-macos-x86_64 0.1 54.00 NOTE
r-release-windows-x86_64 0.1 15.00 102.00 117.00 NOTE
r-oldrel-macos-arm64 0.1 36.00 NOTE
r-oldrel-macos-x86_64 0.1 57.00 NOTE
r-oldrel-windows-ix86+x86_64 0.1 20.00 75.00 95.00 NOTE

Check Details

Version: 0.1
Check: LazyData
Result: NOTE
     'LazyData' is specified without a 'data' directory
Flavors: r-devel-linux-x86_64-debian-clang, r-devel-linux-x86_64-debian-gcc, r-devel-linux-x86_64-fedora-clang, r-devel-linux-x86_64-fedora-gcc, r-devel-windows-x86_64, r-patched-linux-x86_64, r-release-linux-x86_64, r-release-macos-arm64, r-release-macos-x86_64, r-release-windows-x86_64, r-oldrel-macos-arm64, r-oldrel-macos-x86_64, r-oldrel-windows-ix86+x86_64