CRAN Package Check Results for Package modeltime

Last updated on 2022-12-01 06:52:49 CET.

Flavor Version Tinstall Tcheck Ttotal Status Flags
r-devel-linux-x86_64-debian-clang 1.2.4 32.32 638.02 670.34 OK
r-devel-linux-x86_64-debian-gcc 1.2.4 26.24 449.92 476.16 OK
r-devel-linux-x86_64-fedora-clang 1.2.4 784.04 NOTE
r-devel-linux-x86_64-fedora-gcc 1.2.4 818.39 OK
r-devel-windows-x86_64 1.2.4 115.00 670.00 785.00 OK
r-patched-linux-x86_64 1.2.4 38.38 577.54 615.92 OK
r-release-linux-x86_64 1.2.4 21.65 584.24 605.89 OK
r-release-macos-arm64 1.2.4 229.00 OK
r-release-macos-x86_64 1.2.4 253.00 OK
r-release-windows-x86_64 1.2.4 87.00 673.00 760.00 OK
r-oldrel-macos-arm64 1.2.4 169.00 OK
r-oldrel-macos-x86_64 1.2.4 249.00 OK
r-oldrel-windows-ix86+x86_64 1.2.4 69.00 699.00 768.00 OK

Check Details

Version: 1.2.4
Check: package dependencies
Result: NOTE
    Imports includes 29 non-default packages.
    Importing from so many packages makes the package vulnerable to any of
    them becoming unavailable. Move as many as possible to Suggests and
    use conditionally.
Flavor: r-devel-linux-x86_64-fedora-clang