CRAN Package Check Results for Package modeltime.ensemble

Last updated on 2024-02-26 18:50:06 CET.

Flavor Version Tinstall Tcheck Ttotal Status Flags
r-devel-linux-x86_64-debian-clang 1.0.3 26.20 353.15 379.35 OK
r-devel-linux-x86_64-debian-gcc 1.0.3 19.34 255.87 275.21 OK
r-devel-linux-x86_64-fedora-clang 1.0.3 NOTE
r-devel-linux-x86_64-fedora-gcc 1.0.3 483.99 NOTE
r-devel-windows-x86_64 1.0.3 20.00 228.00 248.00 OK
r-patched-linux-x86_64 1.0.3 27.53 333.62 361.15 OK
r-release-linux-x86_64 1.0.3 0.72 2.21 2.93 ERROR
r-release-macos-arm64 1.0.3 110.00 OK
r-release-macos-x86_64 1.0.3 302.00 OK
r-release-windows-x86_64 1.0.3 28.00 329.00 357.00 OK
r-oldrel-macos-arm64 1.0.3 95.00 OK
r-oldrel-windows-x86_64 1.0.3 28.00 326.00 354.00 OK

Check Details

Version: 1.0.3
Check: dependencies in R code
Result: NOTE Namespace in Imports field not imported from: ‘parsnip’ All declared Imports should be used. Flavors: r-devel-linux-x86_64-fedora-clang, r-devel-linux-x86_64-fedora-gcc

Version: 1.0.3
Check: package dependencies
Result: ERROR Packages required but not available: 'modeltime', 'modeltime.resample' See section ‘The DESCRIPTION file’ in the ‘Writing R Extensions’ manual. Flavor: r-release-linux-x86_64