CRAN Package Check Results for Package modelStudio

Last updated on 2021-07-26 01:50:23 CEST.

Flavor Version Tinstall Tcheck Ttotal Status Flags
r-devel-linux-x86_64-debian-clang 3.0.0 4.70 393.70 398.40 OK
r-devel-linux-x86_64-debian-gcc 3.0.0 3.78 301.51 305.29 OK
r-devel-linux-x86_64-fedora-clang 3.0.0 442.72 OK
r-devel-windows-x86_64 3.0.0 9.00 332.00 341.00 OK
r-devel-windows-x86_64-gcc10-UCRT 3.0.0 OK
r-patched-linux-x86_64 3.0.0 5.36 368.46 373.82 OK
r-patched-solaris-x86 3.0.0 694.50 WARN
r-release-linux-x86_64 3.0.0 4.72 370.79 375.51 OK
r-release-macos-arm64 3.0.0 OK
r-release-macos-x86_64 3.0.0 WARN
r-release-windows-ix86+x86_64 3.0.0 10.00 356.00 366.00 OK
r-oldrel-macos-x86_64 3.0.0 WARN
r-oldrel-windows-ix86+x86_64 3.0.0 11.00 335.00 346.00 OK

Check Details

Version: 3.0.0
Check: re-building of vignette outputs
Result: WARN
    Error(s) in re-building vignettes:
     ...
    --- re-building ‘ms-perks-features.Rmd’ using rmarkdown
    Warning in engine$weave(file, quiet = quiet, encoding = enc) :
     Pandoc (>= 1.12.3) not available. Falling back to R Markdown v1.
    --- finished re-building ‘ms-perks-features.Rmd’
    
    --- re-building ‘ms-r-python-examples.Rmd’ using rmarkdown
    Warning in engine$weave(file, quiet = quiet, encoding = enc) :
     Pandoc (>= 1.12.3) not available. Falling back to R Markdown v1.
    --- finished re-building ‘ms-r-python-examples.Rmd’
    
    --- re-building ‘ms-rmarkdown.Rmd’ using rmarkdown
    Warning in engine$weave(file, quiet = quiet, encoding = enc) :
     Pandoc (>= 1.12.3) not available. Falling back to R Markdown v1.
    Welcome to DALEX (version: 2.2.1).
    Find examples and detailed introduction at: http://ema.drwhy.ai/
    Additional features will be available after installation of: ggpubr.
    Use 'install_dependencies()' to get all suggested dependencies
    `new_observation` argument is NULL. `new_observation_n` observations needed to calculate local explanations are taken from the data.
    
    Quitting from lines 59-75 (ms-rmarkdown.Rmd)
    Error: processing vignette 'ms-rmarkdown.Rmd' failed with diagnostics:
    there is no package called 'webshot'
    --- failed re-building ‘ms-rmarkdown.Rmd’
    
    SUMMARY: processing the following file failed:
     ‘ms-rmarkdown.Rmd’
    
    Error: Vignette re-building failed.
    Execution halted
Flavor: r-patched-solaris-x86

Version: 3.0.0
Check: re-building of vignette outputs
Result: WARN
    Error(s) in re-building vignettes:
    --- re-building ‘ms-perks-features.Rmd’ using rmarkdown
    Warning in engine$weave(file, quiet = quiet, encoding = enc) :
     Pandoc (>= 1.12.3) not available. Falling back to R Markdown v1.
    --- finished re-building ‘ms-perks-features.Rmd’
    
    --- re-building ‘ms-r-python-examples.Rmd’ using rmarkdown
    Warning in engine$weave(file, quiet = quiet, encoding = enc) :
     Pandoc (>= 1.12.3) not available. Falling back to R Markdown v1.
    --- finished re-building ‘ms-r-python-examples.Rmd’
    
    --- re-building ‘ms-rmarkdown.Rmd’ using rmarkdown
    Warning in engine$weave(file, quiet = quiet, encoding = enc) :
     Pandoc (>= 1.12.3) not available. Falling back to R Markdown v1.
    Welcome to DALEX (version: 2.2.1).
    Find examples and detailed introduction at: http://ema.drwhy.ai/
    
    `new_observation` argument is NULL. `new_observation_n` observations needed to calculate local explanations are taken from the data.
    
    PhantomJS not found. You can install it with webshot::install_phantomjs(). If it is installed, please make sure the phantomjs executable can be found via the PATH variable.
    PhantomJS not found. You can install it with webshot::install_phantomjs(). If it is installed, please make sure the phantomjs executable can be found via the PATH variable.
    Quitting from lines 59-75 (ms-rmarkdown.Rmd)
    Error: processing vignette 'ms-rmarkdown.Rmd' failed with diagnostics:
    invalid 'path' argument
    --- failed re-building ‘ms-rmarkdown.Rmd’
    
    SUMMARY: processing the following file failed:
     ‘ms-rmarkdown.Rmd’
    
    Error: Vignette re-building failed.
    Execution halted
Flavors: r-release-macos-x86_64, r-oldrel-macos-x86_64