CRAN Package Check Results for Package modelDown

Last updated on 2022-11-30 06:53:33 CET.

Flavor Version Tinstall Tcheck Ttotal Status Flags
r-devel-linux-x86_64-debian-clang 1.1 6.50 198.22 204.72 NOTE
r-devel-linux-x86_64-debian-gcc 1.1 5.85 158.46 164.31 NOTE
r-devel-linux-x86_64-fedora-clang 1.1 246.07 NOTE
r-devel-linux-x86_64-fedora-gcc 1.1 240.66 NOTE
r-devel-windows-x86_64 1.1 21.00 194.00 215.00 NOTE
r-patched-linux-x86_64 1.1 6.83 191.00 197.83 NOTE
r-release-linux-x86_64 1.1 6.36 192.39 198.75 NOTE
r-release-macos-arm64 1.1 64.00 NOTE
r-release-macos-x86_64 1.1 112.00 NOTE
r-release-windows-x86_64 1.1 14.00 194.00 208.00 NOTE
r-oldrel-macos-arm64 1.1 67.00 NOTE
r-oldrel-macos-x86_64 1.1 107.00 NOTE
r-oldrel-windows-ix86+x86_64 1.1 22.00 200.00 222.00 NOTE

Check Details

Version: 1.1
Check: LazyData
Result: NOTE
     'LazyData' is specified without a 'data' directory
Flavors: r-devel-linux-x86_64-debian-clang, r-devel-linux-x86_64-debian-gcc, r-devel-linux-x86_64-fedora-clang, r-devel-linux-x86_64-fedora-gcc, r-devel-windows-x86_64, r-patched-linux-x86_64, r-release-linux-x86_64, r-release-macos-arm64, r-release-macos-x86_64, r-release-windows-x86_64, r-oldrel-macos-arm64, r-oldrel-macos-x86_64, r-oldrel-windows-ix86+x86_64

Version: 1.1
Check: dependencies in R code
Result: NOTE
    Namespaces in Imports field not imported from:
     ‘DALEX’ ‘DT’ ‘auditor’ ‘breakDown’ ‘drifter’ ‘svglite’
     All declared Imports should be used.
Flavors: r-devel-linux-x86_64-fedora-clang, r-devel-linux-x86_64-fedora-gcc, r-release-macos-arm64, r-release-macos-x86_64, r-oldrel-macos-arm64, r-oldrel-macos-x86_64