CRAN Package Check Results for Package mmpca

Last updated on 2024-02-28 12:55:03 CET.

Flavor Version Tinstall Tcheck Ttotal Status Flags
r-devel-linux-x86_64-debian-clang 2.0.3 60.08 34.71 94.79 NOTE
r-devel-linux-x86_64-debian-gcc 2.0.3 49.44 27.49 76.93 NOTE
r-devel-linux-x86_64-fedora-clang 2.0.3 126.86 NOTE
r-devel-linux-x86_64-fedora-gcc 2.0.3 136.82 NOTE
r-devel-windows-x86_64 2.0.3 50.00 79.00 129.00 NOTE
r-patched-linux-x86_64 2.0.3 64.10 35.78 99.88 NOTE
r-release-linux-x86_64 2.0.3 59.72 35.23 94.95 NOTE
r-release-macos-arm64 2.0.3 38.00 NOTE
r-release-macos-x86_64 2.0.3 62.00 NOTE
r-release-windows-x86_64 2.0.3 68.00 78.00 146.00 NOTE
r-oldrel-macos-arm64 2.0.3 45.00 NOTE
r-oldrel-windows-x86_64 2.0.3 53.00 76.00 129.00 OK

Check Details

Version: 2.0.3
Check: C++ specification
Result: NOTE Specified C++14: please drop specification unless essential Flavors: r-devel-linux-x86_64-debian-clang, r-devel-linux-x86_64-debian-gcc, r-devel-linux-x86_64-fedora-clang, r-devel-linux-x86_64-fedora-gcc, r-devel-windows-x86_64, r-patched-linux-x86_64, r-release-linux-x86_64, r-release-macos-arm64, r-release-macos-x86_64, r-release-windows-x86_64

Version: 2.0.3
Check: installed package size
Result: NOTE installed size is 20.7Mb sub-directories of 1Mb or more: libs 20.5Mb Flavors: r-release-macos-arm64, r-release-macos-x86_64, r-oldrel-macos-arm64