CRAN Package Check Results for Package mlr3spatiotempcv

Last updated on 2021-08-05 07:49:37 CEST.

Flavor Version Tinstall Tcheck Ttotal Status Flags
r-devel-linux-x86_64-debian-clang 0.4.1 15.78 269.57 285.35 OK
r-devel-linux-x86_64-debian-gcc 0.4.1 13.38 192.14 205.52 OK
r-devel-linux-x86_64-fedora-clang 0.4.1 324.27 OK
r-devel-linux-x86_64-fedora-gcc 0.4.1 314.03 OK
r-devel-windows-x86_64 0.4.1 23.00 258.00 281.00 OK
r-devel-windows-x86_64-gcc10-UCRT 0.4.1 ERROR
r-patched-linux-x86_64 0.4.1 18.83 243.82 262.65 OK
r-patched-solaris-x86 0.4.1 445.50 OK
r-release-linux-x86_64 0.4.1 13.49 246.21 259.70 OK
r-release-macos-arm64 0.4.1 WARN
r-release-macos-x86_64 0.4.1 OK
r-release-windows-ix86+x86_64 0.4.1 29.00 251.00 280.00 OK
r-oldrel-macos-x86_64 0.4.1 OK
r-oldrel-windows-ix86+x86_64 0.4.1 33.00 254.00 287.00 OK

Check Details

Version: 0.4.1
Check: package dependencies
Result: ERROR
    Package required but not available: 'ggplot2'
    
    Packages suggested but not available for checking:
     'blockCV', 'caret', 'CAST', 'ggsci', 'ggtext', 'patchwork', 'plotly',
     'sf', 'testthat', 'vdiffr'
    
    See section 'The DESCRIPTION file' in the 'Writing R Extensions'
    manual.
Flavor: r-devel-windows-x86_64-gcc10-UCRT

Version: 0.4.1
Check: re-building of vignette outputs
Result: WARN
    Error(s) in re-building vignettes:
     ...
    --- re-building ‘mlr3spatiotempcv.Rmd’ using rmarkdown
    Warning in engine$weave(file, quiet = quiet, encoding = enc) :
     Pandoc (>= 1.12.3) not available. Falling back to R Markdown v1.
    --- finished re-building ‘mlr3spatiotempcv.Rmd’
    
    --- re-building ‘spatiotemp-viz.Rmd’ using rmarkdown
    Warning in engine$weave(file, quiet = quiet, encoding = enc) :
     Pandoc (>= 1.12.3) not available. Falling back to R Markdown v1.
    Quitting from lines 90-164 (spatiotemp-viz.Rmd)
    Error: processing vignette 'spatiotemp-viz.Rmd' failed with diagnostics:
    polygon edge not found
    --- failed re-building ‘spatiotemp-viz.Rmd’
    
    SUMMARY: processing the following file failed:
     ‘spatiotemp-viz.Rmd’
    
    Error: Vignette re-building failed.
    Execution halted
Flavor: r-release-macos-arm64