CRAN Package Check Results for Package mlr3pipelines

Last updated on 2021-09-16 07:50:01 CEST.

Flavor Version Tinstall Tcheck Ttotal Status Flags
r-devel-linux-x86_64-debian-clang 0.3.6 40.48 462.48 502.96 OK
r-devel-linux-x86_64-debian-gcc 0.3.6 26.20 343.20 369.40 OK
r-devel-linux-x86_64-fedora-clang 0.3.6 595.20 NOTE
r-devel-linux-x86_64-fedora-gcc 0.3.6 583.55 OK
r-devel-windows-x86_64 0.3.6 46.00 406.00 452.00 OK
r-devel-windows-x86_64-gcc10-UCRT 0.3.6 OK
r-patched-linux-x86_64 0.3.6 44.35 431.30 475.65 OK
r-patched-solaris-x86 0.3.6 682.90 OK
r-release-linux-x86_64 0.3.6 30.61 435.49 466.10 OK
r-release-macos-arm64 0.3.6 OK
r-release-macos-x86_64 0.3.6 OK
r-release-windows-ix86+x86_64 0.3.6 51.00 310.00 361.00 OK
r-oldrel-macos-x86_64 0.3.6 OK
r-oldrel-windows-ix86+x86_64 0.3.6 53.00 416.00 469.00 OK

Additional issues

MKL

Check Details

Version: 0.3.6
Check: Rd cross-references
Result: NOTE
    Undeclared package ‘htmlwidgets’ in Rd xrefs
Flavor: r-devel-linux-x86_64-fedora-clang