CRAN Package Check Results for Package mlr3

Last updated on 2021-07-23 22:53:14 CEST.

Flavor Version Tinstall Tcheck Ttotal Status Flags
r-devel-linux-x86_64-debian-clang 0.11.0 30.54 297.26 327.80 NOTE
r-devel-linux-x86_64-debian-gcc 0.11.0 24.44 216.14 240.58 NOTE
r-devel-linux-x86_64-fedora-clang 0.11.0 396.91 NOTE
r-devel-linux-x86_64-fedora-gcc 0.11.0 389.92 NOTE
r-devel-windows-x86_64 0.11.0 30.00 246.00 276.00 NOTE
r-devel-windows-x86_64-gcc10-UCRT 0.11.0 NOTE
r-patched-linux-x86_64 0.11.0 37.64 268.44 306.08 NOTE
r-patched-solaris-x86 0.11.0 447.50 NOTE
r-release-linux-x86_64 0.11.0 28.06 272.37 300.43 NOTE
r-release-macos-arm64 0.11.0 NOTE
r-release-macos-x86_64 0.11.0 NOTE
r-release-windows-ix86+x86_64 0.11.0 48.00 339.00 387.00 NOTE
r-oldrel-macos-x86_64 0.11.0 OK
r-oldrel-windows-ix86+x86_64 0.11.0 47.00 319.00 366.00 OK

Check Details

Version: 0.11.0
Check: LazyData
Result: NOTE
     'LazyData' is specified without a 'data' directory
Flavors: r-devel-linux-x86_64-debian-clang, r-devel-linux-x86_64-debian-gcc, r-devel-linux-x86_64-fedora-clang, r-devel-linux-x86_64-fedora-gcc, r-devel-windows-x86_64, r-devel-windows-x86_64-gcc10-UCRT, r-patched-linux-x86_64, r-patched-solaris-x86, r-release-linux-x86_64, r-release-macos-arm64, r-release-macos-x86_64, r-release-windows-ix86+x86_64