CRAN Package Check Results for Package mlergm

Last updated on 2021-09-20 19:52:53 CEST.

Flavor Version Tinstall Tcheck Ttotal Status Flags
r-devel-linux-x86_64-debian-clang 0.8 14.27 135.24 149.51 OK
r-devel-linux-x86_64-debian-gcc 0.8 11.84 99.99 111.83 OK
r-devel-linux-x86_64-fedora-clang 0.8 184.43 OK
r-devel-linux-x86_64-fedora-gcc 0.8 171.79 OK
r-devel-windows-x86_64 0.8 19.00 117.00 136.00 OK
r-devel-windows-x86_64-gcc10-UCRT 0.8 ERROR
r-patched-linux-x86_64 0.8 18.81 119.56 138.37 OK
r-patched-solaris-x86 0.8 202.80 OK
r-release-linux-x86_64 0.8 13.13 119.24 132.37 OK
r-release-macos-arm64 0.8 OK
r-release-macos-x86_64 0.8 OK
r-release-windows-ix86+x86_64 0.8 32.00 103.00 135.00 OK
r-oldrel-macos-x86_64 0.8 OK
r-oldrel-windows-ix86+x86_64 0.8 32.00 102.00 134.00 OK

Check Details

Version: 0.8
Check: whether package can be installed
Result: WARN
    Found the following significant warnings:
     WARNING: installation-time patches will not be applied, could not get the patches index
Flavor: r-devel-windows-x86_64-gcc10-UCRT

Version: 0.8
Check: PDF version of manual
Result: WARN
    LaTeX errors when creating PDF version.
    This typically indicates Rd problems.
Flavor: r-devel-windows-x86_64-gcc10-UCRT

Version: 0.8
Check: PDF version of manual without hyperrefs or index
Result: ERROR
    Re-running with no redirection of stdout/stderr.
Flavor: r-devel-windows-x86_64-gcc10-UCRT