CRAN Package Check Results for Package mlegp

Last updated on 2024-02-23 12:51:49 CET.

Flavor Version Tinstall Tcheck Ttotal Status Flags
r-devel-linux-x86_64-debian-clang 3.1.9 NOTE
r-devel-linux-x86_64-debian-gcc 3.1.9 5.79 31.26 37.05 NOTE
r-devel-linux-x86_64-fedora-clang 3.1.9 59.09 NOTE
r-devel-linux-x86_64-fedora-gcc 3.1.9 69.07 NOTE
r-devel-windows-x86_64 3.1.9 11.00 70.00 81.00 NOTE
r-patched-linux-x86_64 3.1.9 8.16 38.34 46.50 NOTE
r-release-linux-x86_64 3.1.9 6.76 37.08 43.84 NOTE
r-release-macos-arm64 3.1.9 30.00 NOTE
r-release-macos-x86_64 3.1.9 45.00 NOTE
r-release-windows-x86_64 3.1.9 10.00 73.00 83.00 NOTE
r-oldrel-macos-arm64 3.1.9 25.00 OK
r-oldrel-windows-x86_64 3.1.9 10.00 75.00 85.00 OK

Check Details

Version: 3.1.9
Check: Rd files
Result: NOTE checkRd: (-1) gp.list.Rd:16: Escaped LaTeX specials: \# Flavors: r-devel-linux-x86_64-debian-clang, r-devel-linux-x86_64-debian-gcc, r-devel-linux-x86_64-fedora-clang, r-devel-linux-x86_64-fedora-gcc, r-devel-windows-x86_64, r-patched-linux-x86_64, r-release-linux-x86_64, r-release-macos-arm64, r-release-macos-x86_64, r-release-windows-x86_64