Last updated on 2023-03-31 12:54:17 CEST.
Flavor | Version | Tinstall | Tcheck | Ttotal | Status | Flags |
---|---|---|---|---|---|---|
r-devel-linux-x86_64-debian-clang | 3.1.9 | 8.87 | 37.67 | 46.54 | NOTE | |
r-devel-linux-x86_64-debian-gcc | 3.1.9 | 5.85 | 29.51 | 35.36 | NOTE | |
r-devel-linux-x86_64-fedora-clang | 3.1.9 | 57.73 | NOTE | |||
r-devel-linux-x86_64-fedora-gcc | 3.1.9 | 65.23 | NOTE | |||
r-devel-windows-x86_64 | 3.1.9 | 31.00 | 0.00 | 31.00 | NOTE | |
r-patched-linux-x86_64 | 3.1.9 | 8.01 | 35.86 | 43.87 | NOTE | |
r-release-linux-x86_64 | 3.1.9 | 7.23 | 37.65 | 44.88 | OK | |
r-release-macos-arm64 | 3.1.9 | 24.00 | OK | |||
r-release-macos-x86_64 | 3.1.9 | 35.00 | OK | |||
r-release-windows-x86_64 | 3.1.9 | 31.00 | 87.00 | 118.00 | OK | |
r-oldrel-macos-arm64 | 3.1.9 | 28.00 | OK | |||
r-oldrel-macos-x86_64 | 3.1.9 | 32.00 | OK | |||
r-oldrel-windows-ix86+x86_64 | 3.1.9 | 18.00 | 78.00 | 96.00 | OK |
Version: 3.1.9
Check: Rd files
Result: NOTE
checkRd: (-1) gp.list.Rd:16: Escaped LaTeX specials: \#
Flavors: r-devel-linux-x86_64-debian-clang, r-devel-linux-x86_64-debian-gcc, r-devel-linux-x86_64-fedora-clang, r-devel-linux-x86_64-fedora-gcc, r-devel-windows-x86_64, r-patched-linux-x86_64