CRAN Package Check Results for Package mixtools

Last updated on 2024-05-20 12:51:49 CEST.

Flavor Version Tinstall Tcheck Ttotal Status Flags
r-devel-linux-x86_64-debian-clang 2.0.0 32.90 331.01 363.91 NOTE
r-devel-linux-x86_64-debian-gcc 2.0.0 29.60 227.13 256.73 NOTE
r-devel-linux-x86_64-fedora-clang 2.0.0 370.06 NOTE
r-devel-linux-x86_64-fedora-gcc 2.0.0 432.10 NOTE
r-devel-windows-x86_64 2.0.0 35.00 320.00 355.00 NOTE
r-patched-linux-x86_64 2.0.0 35.53 306.92 342.45 NOTE
r-release-linux-x86_64 2.0.0 23.07 300.77 323.84 NOTE
r-release-macos-arm64 2.0.0 111.00 NOTE
r-release-windows-x86_64 2.0.0 34.00 327.00 361.00 NOTE
r-oldrel-macos-arm64 2.0.0 131.00 OK
r-oldrel-macos-x86_64 2.0.0 240.00 OK
r-oldrel-windows-x86_64 2.0.0 45.00 388.00 433.00 OK

Check Details

Version: 2.0.0
Check: Rd files
Result: NOTE checkRd: (-1) CO2data.Rd:14: Lost braces in \itemize; meant \describe ? checkRd: (-1) CO2data.Rd:15: Lost braces in \itemize; meant \describe ? checkRd: (-1) CO2data.Rd:16-17: Lost braces in \itemize; meant \describe ? checkRd: (-1) NOdata.Rd:14: Lost braces in \itemize; meant \describe ? checkRd: (-1) NOdata.Rd:15: Lost braces in \itemize; meant \describe ? Flavors: r-devel-linux-x86_64-debian-clang, r-devel-linux-x86_64-debian-gcc, r-devel-linux-x86_64-fedora-clang, r-devel-linux-x86_64-fedora-gcc, r-devel-windows-x86_64, r-patched-linux-x86_64, r-release-linux-x86_64, r-release-macos-arm64, r-release-windows-x86_64