CRAN Package Check Results for Package mixexp

Last updated on 2022-01-18 01:52:05 CET.

Flavor Version Tinstall Tcheck Ttotal Status Flags
r-devel-linux-x86_64-debian-clang 1.2.5 10.96 73.28 84.24 OK
r-devel-linux-x86_64-debian-gcc 1.2.5 8.32 55.80 64.12 OK
r-devel-linux-x86_64-fedora-clang 1.2.5 101.38 NOTE
r-devel-linux-x86_64-fedora-gcc 1.2.5 89.08 NOTE
r-devel-windows-x86_64-new-UL 1.2.5 37.00 98.00 135.00 OK
r-devel-windows-x86_64-new-TK 1.2.5 OK
r-patched-linux-x86_64 1.2.5 11.21 70.55 81.76 OK
r-release-linux-x86_64 1.2.5 OK
r-release-macos-arm64 1.2.5 OK
r-release-macos-x86_64 1.2.5 OK
r-release-windows-ix86+x86_64 1.2.5 22.00 109.00 131.00 OK
r-oldrel-macos-x86_64 1.2.5 OK
r-oldrel-windows-ix86+x86_64 1.2.5 21.00 110.00 131.00 OK

Check Details

Version: 1.2.5
Check: compiled code
Result: NOTE
    File ‘mixexp/libs/mixexp.so’:
     Found no calls to: ‘R_registerRoutines’, ‘R_useDynamicSymbols’
    
    It is good practice to register native routines and to disable symbol
    search.
    
    See ‘Writing portable packages’ in the ‘Writing R Extensions’ manual.
Flavors: r-devel-linux-x86_64-fedora-clang, r-devel-linux-x86_64-fedora-gcc