CRAN Package Check Results for Package mixedMem

Last updated on 2024-02-24 18:54:55 CET.

Flavor Version Tinstall Tcheck Ttotal Status Flags
r-devel-linux-x86_64-debian-clang 1.1.2 182.14 87.98 270.12 OK
r-devel-linux-x86_64-debian-gcc 1.1.2 141.89 65.83 207.72 OK
r-devel-linux-x86_64-fedora-clang 1.1.2 406.90 OK
r-devel-linux-x86_64-fedora-gcc 1.1.2 404.30 OK
r-devel-windows-x86_64 1.1.2 135.00 125.00 260.00 OK
r-patched-linux-x86_64 1.1.2 179.35 81.91 261.26 OK
r-release-linux-x86_64 1.1.2 185.75 81.63 267.38 OK
r-release-macos-arm64 1.1.2 97.00 NOTE
r-release-macos-x86_64 1.1.2 116.00 OK
r-release-windows-x86_64 1.1.2 178.00 139.00 317.00 OK
r-oldrel-macos-arm64 1.1.2 98.00 NOTE
r-oldrel-windows-x86_64 1.1.2 166.00 129.00 295.00 OK

Check Details

Version: 1.1.2
Check: installed package size
Result: NOTE installed size is 5.5Mb sub-directories of 1Mb or more: libs 5.0Mb Flavors: r-release-macos-arm64, r-oldrel-macos-arm64